{"id":956,"date":"2019-06-20T13:14:44","date_gmt":"2019-06-20T13:14:44","guid":{"rendered":"http:\/\/www.creabarkod.com\/?page_id=956"},"modified":"2019-06-20T15:28:18","modified_gmt":"2019-06-20T15:28:18","slug":"bitatek-bts-700-cyclops-ii-kablosuz-karekod-okuyucu","status":"publish","type":"page","link":"http:\/\/www.creabarkod.com\/?page_id=956","title":{"rendered":"Bitatek BTS-700 Cyclops II Kablosuz Karekod Okuyucu"},"content":{"rendered":"\n<table class=\"wp-block-table aligncenter\"><tbody><tr><td><img loading=\"lazy\" width=\"260\" height=\"567\" class=\"wp-image-957\" style=\"width: 150px;\" src=\"http:\/\/www.creabarkod.com\/wp-content\/uploads\/2019\/06\/Bitatek-BTS-700-Cyclops-II-Kablosuz-Barkod-Okuyucu-1-1.jpg\" alt=\"Bitatek BTS-700 Cyclops II Kablosuz Barkod Okuyucu\" srcset=\"http:\/\/www.creabarkod.com\/wp-content\/uploads\/2019\/06\/Bitatek-BTS-700-Cyclops-II-Kablosuz-Barkod-Okuyucu-1-1.jpg 260w, http:\/\/www.creabarkod.com\/wp-content\/uploads\/2019\/06\/Bitatek-BTS-700-Cyclops-II-Kablosuz-Barkod-Okuyucu-1-1-138x300.jpg 138w\" sizes=\"(max-width: 260px) 100vw, 260px\" \/><\/td><td><img loading=\"lazy\" width=\"830\" height=\"1356\" class=\"wp-image-958\" style=\"width: 150px;\" src=\"http:\/\/www.creabarkod.com\/wp-content\/uploads\/2019\/06\/Bitatek-BTS-700-Cyclops-II-Kablosuz-Barkod-Okuyucu-2.jpg\" alt=\"Bitatek BTS-700 Cyclops II Kablosuz Barkod Okuyucu\" srcset=\"http:\/\/www.creabarkod.com\/wp-content\/uploads\/2019\/06\/Bitatek-BTS-700-Cyclops-II-Kablosuz-Barkod-Okuyucu-2.jpg 830w, http:\/\/www.creabarkod.com\/wp-content\/uploads\/2019\/06\/Bitatek-BTS-700-Cyclops-II-Kablosuz-Barkod-Okuyucu-2-184x300.jpg 184w, http:\/\/www.creabarkod.com\/wp-content\/uploads\/2019\/06\/Bitatek-BTS-700-Cyclops-II-Kablosuz-Barkod-Okuyucu-2-768x1255.jpg 768w, http:\/\/www.creabarkod.com\/wp-content\/uploads\/2019\/06\/Bitatek-BTS-700-Cyclops-II-Kablosuz-Barkod-Okuyucu-2-627x1024.jpg 627w\" sizes=\"(max-width: 830px) 100vw, 830px\" \/><\/td><td><img loading=\"lazy\" width=\"255\" height=\"567\" class=\"wp-image-959\" style=\"width: 150px;\" src=\"http:\/\/www.creabarkod.com\/wp-content\/uploads\/2019\/06\/Bitatek-BTS-700-Cyclops-II-Kablosuz-Barkod-Okuyucu-3.jpg\" alt=\"Bitatek BTS-700 Cyclops II Kablosuz Barkod Okuyucu\" srcset=\"http:\/\/www.creabarkod.com\/wp-content\/uploads\/2019\/06\/Bitatek-BTS-700-Cyclops-II-Kablosuz-Barkod-Okuyucu-3.jpg 255w, http:\/\/www.creabarkod.com\/wp-content\/uploads\/2019\/06\/Bitatek-BTS-700-Cyclops-II-Kablosuz-Barkod-Okuyucu-3-135x300.jpg 135w\" sizes=\"(max-width: 255px) 100vw, 255px\" \/><\/td><\/tr><\/tbody><\/table>\n\n\n\n<p>\u25cf 2D Imager Karekod Okuyucu<br>\u25cf Kablosuz (Bluetooth) ileti\u015fim<br>\u25cf Max. 10 metre aktarma mesafesi<br>\u25cf 67 gram a\u011f\u0131rl\u0131k<br>\u25cf 15 saate yak\u0131n kullan\u0131m \u00f6mr\u00fc<br>\u25cf IP54 End\u00fcstriyel Standart\u0131<br>\u25cf Cradle ile h\u0131zl\u0131 \u015farj \u00f6zelli\u011fi<br>\u25cf Windows, Android ve iOS Cihazlar ile Uyumlu <\/p>\n\n\n\n<table class=\"wp-block-table\"><tbody><tr><td><strong>&nbsp;Optik ve Performans<\/strong><\/td><\/tr><tr><td>&nbsp;Optik Sistem<\/td><td>1280 x 800 Piksel CMOS Sensor<\/td><\/tr><tr><td>&nbsp;I\u015f\u0131k Kayna\u011f\u0131<\/td><td>610 nm&nbsp;Odaklama LED i<\/td><\/tr><tr><td>&nbsp;Minimum \u00c7izgi Geni\u015fli\u011fi<\/td><td>1D: 0.1 mm (4 mil) Code 39<\/td><\/tr><tr><td>2D: 0.127 mm (5 mil) PDF417<\/td><\/tr><tr><td>&nbsp;Saniyedeki Tarama Oran\u0131<\/td><td>60 \u00e7er\u00e7eve<\/td><\/tr><tr><td>&nbsp;Bask\u0131 Kontrast\u0131<\/td><td>%20 (Minimum)<\/td><\/tr><tr><td>&nbsp;Bellek<\/td><td>2 MB (Yakla\u015f\u0131k 10.000 Barkod Saklama)<\/td><\/tr><tr><td>&nbsp;Tu\u015flar<\/td><td>3 Adet (Scan, Function ve Reset)<\/td><\/tr><tr><td><strong>&nbsp;\u0130leti\u015fim<\/strong><\/td><td>&nbsp;<\/td><\/tr><tr><td>&nbsp;\u0130leti\u015fim Modu<\/td><td>Bluetooth<\/td><\/tr><tr><td>&nbsp;Profil<\/td><td>SPP &amp; HID<\/td><\/tr><tr><td>&nbsp;Versiyon<\/td><td>Ver.2.1+EDR Class2<\/td><\/tr><tr><td>&nbsp;Arabirim<\/td><td>Mini USB<\/td><\/tr><tr><td>&nbsp;\u0130leti\u015fim Mesafesi<\/td><td>Max. 10 Metre<\/td><\/tr><tr><td>&nbsp;Desteklenen \u0130\u015fletim Sistemleri<\/td><td>Windows, iOS (Ver: 5 ve \u00fcst\u00fc) ve Android (Ver: 4 ve \u00fcst\u00fc)<\/td><\/tr><tr><td><strong>&nbsp;Fonksiyonel<\/strong><\/td><td>&nbsp;<\/td><\/tr><tr><td>&nbsp;Desteklenen Barkod Tipleri<\/td><td>1D<\/td><td>UPC-A,UPC-A Add-on, UPC-E, UPC-E Add-on, JAN\/EAN-13, JAN\/EAN-13 Add-on, JAN\/EAN-8, JAN\/EAN-8 Add-on, Code128, Code39, NW-7 (Codabar) Interleaved 2 of 5(ITF), GS1 DataBar Omnidirectional, GS1 DataBar Truncated, GS1 DataBar Stacked, GS1 DataBar Stacked Omnidirectional, GS1 DataBar Limited, GS1 DataBar Expanded, GS1 DataBar Expanded Stacked, Composite CC-A\/B Composite CC-C, Postal Codes<\/td><\/tr><tr><td>2D<\/td><td>PDF417, MicroPDF417, Aztec Data Matrix, MaxiCode, QRCode, Micro QRCode<\/td><\/tr><tr><td><strong>&nbsp;Elektriksel<\/strong><\/td><td>&nbsp;<\/td><\/tr><tr><td>&nbsp;Pil Tipi<\/td><td>720 mAh \u015earj edilebilir&nbsp;Lityum-Ion<\/td><\/tr><tr><td>&nbsp;Pil \u00d6mr\u00fc<\/td><td>Yakla\u015f\u0131k 5000 Adet Okutma<\/td><\/tr><tr><td><strong>&nbsp;Fiziksel<\/strong><\/td><td>&nbsp;<\/td><\/tr><tr><td>&nbsp;Boyutlar<\/td><td>Geni\u015flik: 38 mm<\/td><\/tr><tr><td>Kal\u0131nl\u0131k: 15,9 mm<\/td><\/tr><tr><td>Y\u00fckseklik: 90 mm<\/td><\/tr><tr><td>&nbsp;Okuyucu A\u011f\u0131rl\u0131\u011f\u0131<\/td><td>67 gram (Pil Dahil)<\/td><\/tr><tr><td>&nbsp;G\u00f6vde Malzemesi<\/td><td>ABS Plastik<\/td><\/tr><tr><td><strong>&nbsp;\u00c7evresel<\/strong><\/td><td>&nbsp;<\/td><\/tr><tr><td>&nbsp;Darbe dayan\u0131kl\u0131l\u0131\u011f\u0131<\/td><td>2 metre (1 Defa) 1 metre (100 defa)<\/td><\/tr><tr><td>&nbsp;IP Standart<\/td><td>IP54<\/td><\/tr><tr><td>&nbsp;\u00c7al\u0131\u015fma S\u0131cakl\u0131\u011f\u0131<\/td><td>-10 \u00b0C ~ 50 \u00b0C<\/td><\/tr><tr><td>&nbsp;Muhafaza S\u0131cakl\u0131\u011f\u0131<\/td><td>-25 \u00b0C ~ 60 \u00b0C<\/td><\/tr><tr><td>&nbsp;Nem<\/td><td>5% ~&nbsp;95% (Yo\u011funla\u015fmas\u0131z)<\/td><\/tr><tr><td>&nbsp;Sertifikalar<\/td><td>CE ve FCC<\/td><\/tr><\/tbody><\/table>\n","protected":false},"excerpt":{"rendered":"<p>\u25cf 2D Imager Karekod Okuyucu\u25cf Kablosuz (Bluetooth) ileti\u015fim\u25cf Max. 10 metre aktarma mesafesi\u25cf 67 gram a\u011f\u0131rl\u0131k\u25cf 15 saate yak\u0131n kullan\u0131m \u00f6mr\u00fc\u25cf IP54 End\u00fcstriyel Standart\u0131\u25cf Cradle ile h\u0131zl\u0131 \u015farj \u00f6zelli\u011fi\u25cf Windows, Android ve iOS Cihazlar ile Uyumlu &nbsp;Optik ve Performans &nbsp;Optik Sistem 1280 x 800 Piksel CMOS Sensor &nbsp;I\u015f\u0131k Kayna\u011f\u0131 610 nm&nbsp;Odaklama LED i &nbsp;Minimum \u00c7izgi [&hellip;]<\/p>\n","protected":false},"author":1,"featured_media":0,"parent":754,"menu_order":0,"comment_status":"closed","ping_status":"closed","template":"","meta":[],"yoast_head":"<!-- This site is optimized with the Yoast SEO plugin v15.7 - https:\/\/yoast.com\/wordpress\/plugins\/seo\/ -->\n<title>Bitatek BTS-700 Cyclops II Kablosuz Karekod Okuyucu - Crea Barkod<\/title>\n<meta name=\"robots\" content=\"index, follow, max-snippet:-1, max-image-preview:large, max-video-preview:-1\" \/>\n<link rel=\"canonical\" href=\"http:\/\/www.creabarkod.com\/?page_id=956\" \/>\n<meta property=\"og:locale\" content=\"tr_TR\" \/>\n<meta property=\"og:type\" content=\"article\" \/>\n<meta property=\"og:title\" content=\"Bitatek BTS-700 Cyclops II Kablosuz Karekod Okuyucu - Crea Barkod\" \/>\n<meta property=\"og:description\" content=\"\u25cf 2D Imager Karekod Okuyucu\u25cf Kablosuz (Bluetooth) ileti\u015fim\u25cf Max. 10 metre aktarma mesafesi\u25cf 67 gram a\u011f\u0131rl\u0131k\u25cf 15 saate yak\u0131n kullan\u0131m \u00f6mr\u00fc\u25cf IP54 End\u00fcstriyel Standart\u0131\u25cf Cradle ile h\u0131zl\u0131 \u015farj \u00f6zelli\u011fi\u25cf Windows, Android ve iOS Cihazlar ile Uyumlu &nbsp;Optik ve Performans &nbsp;Optik Sistem 1280 x 800 Piksel CMOS Sensor &nbsp;I\u015f\u0131k Kayna\u011f\u0131 610 nm&nbsp;Odaklama LED i &nbsp;Minimum \u00c7izgi [&hellip;]\" \/>\n<meta property=\"og:url\" content=\"http:\/\/www.creabarkod.com\/?page_id=956\" \/>\n<meta property=\"og:site_name\" content=\"Crea Barkod\" \/>\n<meta property=\"article:modified_time\" content=\"2019-06-20T15:28:18+00:00\" \/>\n<meta property=\"og:image\" content=\"http:\/\/www.creabarkod.com\/wp-content\/uploads\/2019\/06\/Bitatek-BTS-700-Cyclops-II-Kablosuz-Barkod-Okuyucu-1-1.jpg\" \/>\n<meta name=\"twitter:card\" content=\"summary_large_image\" \/>\n<meta name=\"twitter:label1\" content=\"Tahmini okuma s\u00fcresi\">\n\t<meta name=\"twitter:data1\" content=\"1 dakika\">\n<script type=\"application\/ld+json\" class=\"yoast-schema-graph\">{\"@context\":\"https:\/\/schema.org\",\"@graph\":[{\"@type\":\"WebSite\",\"@id\":\"http:\/\/www.creabarkod.com\/#website\",\"url\":\"http:\/\/www.creabarkod.com\/\",\"name\":\"Crea Barkod\",\"description\":\"\",\"potentialAction\":[{\"@type\":\"SearchAction\",\"target\":\"http:\/\/www.creabarkod.com\/?s={search_term_string}\",\"query-input\":\"required name=search_term_string\"}],\"inLanguage\":\"tr\"},{\"@type\":\"ImageObject\",\"@id\":\"http:\/\/www.creabarkod.com\/?page_id=956#primaryimage\",\"inLanguage\":\"tr\",\"url\":\"http:\/\/www.creabarkod.com\/wp-content\/uploads\/2019\/06\/Bitatek-BTS-700-Cyclops-II-Kablosuz-Barkod-Okuyucu-1-1.jpg\",\"width\":260,\"height\":567,\"caption\":\"Bitatek BTS-700 Cyclops II Kablosuz Barkod Okuyucu\"},{\"@type\":\"WebPage\",\"@id\":\"http:\/\/www.creabarkod.com\/?page_id=956#webpage\",\"url\":\"http:\/\/www.creabarkod.com\/?page_id=956\",\"name\":\"Bitatek BTS-700 Cyclops II Kablosuz Karekod Okuyucu - Crea Barkod\",\"isPartOf\":{\"@id\":\"http:\/\/www.creabarkod.com\/#website\"},\"primaryImageOfPage\":{\"@id\":\"http:\/\/www.creabarkod.com\/?page_id=956#primaryimage\"},\"datePublished\":\"2019-06-20T13:14:44+00:00\",\"dateModified\":\"2019-06-20T15:28:18+00:00\",\"inLanguage\":\"tr\",\"potentialAction\":[{\"@type\":\"ReadAction\",\"target\":[\"http:\/\/www.creabarkod.com\/?page_id=956\"]}]}]}<\/script>\n<!-- \/ Yoast SEO plugin. -->","_links":{"self":[{"href":"http:\/\/www.creabarkod.com\/index.php?rest_route=\/wp\/v2\/pages\/956"}],"collection":[{"href":"http:\/\/www.creabarkod.com\/index.php?rest_route=\/wp\/v2\/pages"}],"about":[{"href":"http:\/\/www.creabarkod.com\/index.php?rest_route=\/wp\/v2\/types\/page"}],"author":[{"embeddable":true,"href":"http:\/\/www.creabarkod.com\/index.php?rest_route=\/wp\/v2\/users\/1"}],"replies":[{"embeddable":true,"href":"http:\/\/www.creabarkod.com\/index.php?rest_route=%2Fwp%2Fv2%2Fcomments&post=956"}],"version-history":[{"count":2,"href":"http:\/\/www.creabarkod.com\/index.php?rest_route=\/wp\/v2\/pages\/956\/revisions"}],"predecessor-version":[{"id":961,"href":"http:\/\/www.creabarkod.com\/index.php?rest_route=\/wp\/v2\/pages\/956\/revisions\/961"}],"up":[{"embeddable":true,"href":"http:\/\/www.creabarkod.com\/index.php?rest_route=\/wp\/v2\/pages\/754"}],"wp:attachment":[{"href":"http:\/\/www.creabarkod.com\/index.php?rest_route=%2Fwp%2Fv2%2Fmedia&parent=956"}],"curies":[{"name":"wp","href":"https:\/\/api.w.org\/{rel}","templated":true}]}}