{"id":947,"date":"2019-06-20T13:06:59","date_gmt":"2019-06-20T13:06:59","guid":{"rendered":"http:\/\/www.creabarkod.com\/?page_id=947"},"modified":"2019-06-20T15:27:22","modified_gmt":"2019-06-20T15:27:22","slug":"argox-as-8520-kablosuz-barkod-okuyucu","status":"publish","type":"page","link":"http:\/\/www.creabarkod.com\/?page_id=947","title":{"rendered":"Argox AS-8520 Kablosuz Barkod Okuyucu"},"content":{"rendered":"\n<figure class=\"wp-block-image is-resized\"><a href=\"http:\/\/www.creabarkod.com\/wp-content\/uploads\/2019\/06\/Argox-AS-8520-Kablosuz-Barkod-Okuyucu-1.jpg\"><img loading=\"lazy\" src=\"http:\/\/www.creabarkod.com\/wp-content\/uploads\/2019\/06\/Argox-AS-8520-Kablosuz-Barkod-Okuyucu-1.jpg\" alt=\"Argox AS-8520 Kablosuz Barkod Okuyucu\" class=\"wp-image-948\" width=\"270\" height=\"255\" srcset=\"http:\/\/www.creabarkod.com\/wp-content\/uploads\/2019\/06\/Argox-AS-8520-Kablosuz-Barkod-Okuyucu-1.jpg 539w, http:\/\/www.creabarkod.com\/wp-content\/uploads\/2019\/06\/Argox-AS-8520-Kablosuz-Barkod-Okuyucu-1-300x284.jpg 300w\" sizes=\"(max-width: 270px) 100vw, 270px\" \/><\/a><\/figure>\n\n\n\n<p>\u25cf 1D CCD Barkod Okuyucu<br>\u25cf Kablosuz (Bluetooth) ileti\u015fim<br>\u25cf Max. 100 metre aktarma mesafesi<br>\u25cf 0 ~ 600 mm okuma mesafesi<br>\u25cf G\u00fcne\u015f \u0131\u015f\u0131\u011f\u0131nda dahi okuyabilme<br>\u25cf GS1 ve Composite Barkod Deste\u011fi <\/p>\n\n\n\n<table class=\"wp-block-table\"><tbody><tr><td><strong>&nbsp;\u0130\u015flemsel<\/strong><\/td><\/tr><tr><td>&nbsp;I\u015f\u0131k kayna\u011f\u0131<\/td><td>630 nm g\u00f6r\u00fclebilir LED<\/td><\/tr><tr><td>&nbsp;Optik sistem<\/td><td>2048 pixel CCD<\/td><\/tr><tr><td>&nbsp;Tarama uzakl\u0131\u011f\u0131<\/td><td>0 &#8211; 600 mm (Code 39, PCS=%90, 20 mil)<\/td><\/tr><tr><td>&nbsp;Tarama Geni\u015fli\u011fi<\/td><td>160 mm<\/td><\/tr><tr><td>&nbsp;Tarama H\u0131z\u0131<\/td><td>450 tarama\/sn<\/td><\/tr><tr><td>&nbsp;Tarama a\u00e7\u0131s\u0131<\/td><td>\u00d6n:60\u00b0 ,Geri: 60\u00b0 ,Yaw: 75\u00b0<\/td><\/tr><tr><td>&nbsp;Minimum Bar Geni\u015fli\u011fi<\/td><td>4 mil (0.1 mm) Code 39, PCS 90% (temas durumunda)<\/td><\/tr><tr><td>&nbsp;Bask\u0131 Kontrast\u0131<\/td><td>Minimum %30<\/td><\/tr><tr><td>&nbsp;G\u00f6stergeler (LED)<\/td><td>Ye\u015fil ve&nbsp;K\u0131rm\u0131z\u0131 LED<\/td><\/tr><tr><td>&nbsp;Ses Tonu<\/td><td>7 ton beep sesi veya sessiz<\/td><\/tr><tr><td>&nbsp;Programlama y\u00f6ntemi<\/td><td>Enabled by build-in flash memory<\/td><\/tr><tr><td>&nbsp;Programlama se\u00e7enekleri<\/td><td>Barkod Tipi se\u00e7imi<br>kontrol karekteri se\u00e7imi<br>\u00e7\u00f6z\u00fcmleme se\u00e7enekleri<br>\u00d6nek veya son ek iletimi se\u00e7imi<br>Okuma do\u011frulama sesi se\u00e7imi<br>Tetikleme se\u00e7imi<br>Klavye dili se\u00e7imi<br>Seri port ayarlar\u0131 (ACK\/NAK, Xon\/Xoff, RTS\/CTS, good read LED control, start\/ stop bits) Kablosuz \u00f6zellik se\u00e7imi (special cordless transmission character settings for 8520)<\/td><\/tr><tr><td>&nbsp;Sistem Arabirimleri<\/td><td>Klavye, Seri (RS-232C), USB ve Wand<\/td><\/tr><tr><td><strong>&nbsp;Haberle\u015fme<\/strong><\/td><td>&nbsp;<\/td><\/tr><tr><td>&nbsp;Haberle\u015fme mesafesi<\/td><td>Max. 100 metre<\/td><\/tr><tr><td>&nbsp;Haberle\u015fme tipi<\/td><td>Type: GFSK Modulation<\/td><\/tr><tr><td>&nbsp;Haberle\u015fme frekans\u0131<\/td><td>2.4~2.483 GHZ<\/td><\/tr><tr><td>&nbsp;Haberle\u015fme g\u00fcc\u00fc<\/td><td>100 mw (Adaptive Frequency System)<\/td><\/tr><tr><td><strong>&nbsp;Fiziksel<\/strong><\/td><td>&nbsp;<\/td><\/tr><tr><td>&nbsp;Y\u00fckseklik<\/td><td>164 mm<\/td><\/tr><tr><td>&nbsp;Geni\u015flik (tutma yeri)<\/td><td>30 mm<\/td><\/tr><tr><td>&nbsp;Geni\u015flik (kafa k\u0131sm\u0131)<\/td><td>40 mm<\/td><\/tr><tr><td>&nbsp;Kal\u0131nl\u0131k (tutma yeri)<\/td><td>56 mm<\/td><\/tr><tr><td>&nbsp;Kal\u0131nl\u0131k (kafa k\u0131sm\u0131)<\/td><td>35 mm<\/td><\/tr><tr><td>&nbsp;A\u011f\u0131rl\u0131k<\/td><td>250 gram (piller dahil)<\/td><\/tr><tr><td>&nbsp;Konnekt\u00f6r tipi<\/td><td>RJ-45 jack giri\u015fi<\/td><\/tr><tr><td>&nbsp;Kasa malzemesi<\/td><td>ABS plastik<\/td><\/tr><tr><td>&nbsp;Kablo<\/td><td>Standart 2 metre d\u00fcz kablo<\/td><\/tr><tr><td><strong>&nbsp;Elektriksel<\/strong><\/td><td>&nbsp;<\/td><\/tr><tr><td>&nbsp;Giri\u015f Voltaj\u0131<\/td><td>5VDC \u00b1 0.25V<\/td><\/tr><tr><td>&nbsp;G\u00fc\u00e7<\/td><td>\u00e7al\u0131\u015fma&nbsp;&nbsp; : 900 mW&nbsp;<br>bekleme : 150 mW<\/td><\/tr><tr><td>&nbsp;\u00c7al\u0131\u015fma Ak\u0131m\u0131<\/td><td>\u00e7al\u0131\u015fma&nbsp;&nbsp; : 225 mA @4.2VDC<br>bekleme : 32 mA @4.2VDC<\/td><\/tr><tr><td>&nbsp;Pil \u00d6mr\u00fc<\/td><td>55.000 Okutma (Yakla\u015f\u0131k)<\/td><\/tr><tr><td>&nbsp;EMC<\/td><td>UL, FCC, CE, BSMI, NCC<\/td><\/tr><tr><td><strong>&nbsp;\u00c7evresel<\/strong><\/td><td>&nbsp;<\/td><\/tr><tr><td>&nbsp;\u00c7al\u0131\u015fma S\u0131cakl\u0131\u011f\u0131<\/td><td>0 \u00b0C ~ 50 \u00b0C<\/td><\/tr><tr><td>&nbsp;Muhafaza S\u0131cakl\u0131\u011f\u0131<\/td><td>-20 \u00b0C ~ 70 \u00b0C<\/td><\/tr><tr><td>&nbsp;Nem<\/td><td>%10 ~ %90 (Yo\u011funla\u015fmas\u0131z)<\/td><\/tr><tr><td>&nbsp;I\u015f\u0131k Seviyesi<\/td><td>Max 70.000 Lux<\/td><\/tr><tr><td>&nbsp;End\u00fcstriyel standard\u0131<\/td><td>IP42<\/td><\/tr><tr><td>&nbsp;Darbe dayan\u0131kl\u0131l\u0131\u011f\u0131<\/td><td>1,5 metre<\/td><\/tr><tr><td><strong>&nbsp;Desteklenen&nbsp;<\/strong><strong>Barkod Tipleri<\/strong><\/td><td>&nbsp;<\/td><\/tr><tr><td>&nbsp;1D<\/td><td>Standart t\u00fcm 1D (\u00c7izgikod) barkodlar (GS1 dahil)<\/td><\/tr><\/tbody><\/table>\n","protected":false},"excerpt":{"rendered":"<p>\u25cf 1D CCD Barkod Okuyucu\u25cf Kablosuz (Bluetooth) ileti\u015fim\u25cf Max. 100 metre aktarma mesafesi\u25cf 0 ~ 600 mm okuma mesafesi\u25cf G\u00fcne\u015f \u0131\u015f\u0131\u011f\u0131nda dahi okuyabilme\u25cf GS1 ve Composite Barkod Deste\u011fi &nbsp;\u0130\u015flemsel &nbsp;I\u015f\u0131k kayna\u011f\u0131 630 nm g\u00f6r\u00fclebilir LED &nbsp;Optik sistem 2048 pixel CCD &nbsp;Tarama uzakl\u0131\u011f\u0131 0 &#8211; 600 mm (Code 39, PCS=%90, 20 mil) &nbsp;Tarama Geni\u015fli\u011fi 160 mm [&hellip;]<\/p>\n","protected":false},"author":1,"featured_media":0,"parent":754,"menu_order":0,"comment_status":"closed","ping_status":"closed","template":"","meta":[],"yoast_head":"<!-- This site is optimized with the Yoast SEO plugin v15.7 - https:\/\/yoast.com\/wordpress\/plugins\/seo\/ -->\n<title>Argox AS-8520 Kablosuz Barkod Okuyucu - Crea Barkod<\/title>\n<meta name=\"robots\" content=\"index, follow, max-snippet:-1, max-image-preview:large, max-video-preview:-1\" \/>\n<link rel=\"canonical\" href=\"http:\/\/www.creabarkod.com\/?page_id=947\" \/>\n<meta property=\"og:locale\" content=\"tr_TR\" \/>\n<meta property=\"og:type\" content=\"article\" \/>\n<meta property=\"og:title\" content=\"Argox AS-8520 Kablosuz Barkod Okuyucu - Crea Barkod\" \/>\n<meta property=\"og:description\" content=\"\u25cf 1D CCD Barkod Okuyucu\u25cf Kablosuz (Bluetooth) ileti\u015fim\u25cf Max. 100 metre aktarma mesafesi\u25cf 0 ~ 600 mm okuma mesafesi\u25cf G\u00fcne\u015f \u0131\u015f\u0131\u011f\u0131nda dahi okuyabilme\u25cf GS1 ve Composite Barkod Deste\u011fi &nbsp;\u0130\u015flemsel &nbsp;I\u015f\u0131k kayna\u011f\u0131 630 nm g\u00f6r\u00fclebilir LED &nbsp;Optik sistem 2048 pixel CCD &nbsp;Tarama uzakl\u0131\u011f\u0131 0 &#8211; 600 mm (Code 39, PCS=%90, 20 mil) &nbsp;Tarama Geni\u015fli\u011fi 160 mm [&hellip;]\" \/>\n<meta property=\"og:url\" content=\"http:\/\/www.creabarkod.com\/?page_id=947\" \/>\n<meta property=\"og:site_name\" content=\"Crea Barkod\" \/>\n<meta property=\"article:modified_time\" content=\"2019-06-20T15:27:22+00:00\" \/>\n<meta property=\"og:image\" content=\"http:\/\/www.creabarkod.com\/wp-content\/uploads\/2019\/06\/Argox-AS-8520-Kablosuz-Barkod-Okuyucu-1.jpg\" \/>\n<meta name=\"twitter:card\" content=\"summary_large_image\" \/>\n<meta name=\"twitter:label1\" content=\"Tahmini okuma s\u00fcresi\">\n\t<meta name=\"twitter:data1\" content=\"2 dakika\">\n<script type=\"application\/ld+json\" class=\"yoast-schema-graph\">{\"@context\":\"https:\/\/schema.org\",\"@graph\":[{\"@type\":\"WebSite\",\"@id\":\"http:\/\/www.creabarkod.com\/#website\",\"url\":\"http:\/\/www.creabarkod.com\/\",\"name\":\"Crea Barkod\",\"description\":\"\",\"potentialAction\":[{\"@type\":\"SearchAction\",\"target\":\"http:\/\/www.creabarkod.com\/?s={search_term_string}\",\"query-input\":\"required name=search_term_string\"}],\"inLanguage\":\"tr\"},{\"@type\":\"ImageObject\",\"@id\":\"http:\/\/www.creabarkod.com\/?page_id=947#primaryimage\",\"inLanguage\":\"tr\",\"url\":\"http:\/\/www.creabarkod.com\/wp-content\/uploads\/2019\/06\/Argox-AS-8520-Kablosuz-Barkod-Okuyucu-1.jpg\",\"width\":539,\"height\":510,\"caption\":\"Argox AS-8520 Kablosuz Barkod Okuyucu\"},{\"@type\":\"WebPage\",\"@id\":\"http:\/\/www.creabarkod.com\/?page_id=947#webpage\",\"url\":\"http:\/\/www.creabarkod.com\/?page_id=947\",\"name\":\"Argox AS-8520 Kablosuz Barkod Okuyucu - Crea Barkod\",\"isPartOf\":{\"@id\":\"http:\/\/www.creabarkod.com\/#website\"},\"primaryImageOfPage\":{\"@id\":\"http:\/\/www.creabarkod.com\/?page_id=947#primaryimage\"},\"datePublished\":\"2019-06-20T13:06:59+00:00\",\"dateModified\":\"2019-06-20T15:27:22+00:00\",\"inLanguage\":\"tr\",\"potentialAction\":[{\"@type\":\"ReadAction\",\"target\":[\"http:\/\/www.creabarkod.com\/?page_id=947\"]}]}]}<\/script>\n<!-- \/ Yoast SEO plugin. -->","_links":{"self":[{"href":"http:\/\/www.creabarkod.com\/index.php?rest_route=\/wp\/v2\/pages\/947"}],"collection":[{"href":"http:\/\/www.creabarkod.com\/index.php?rest_route=\/wp\/v2\/pages"}],"about":[{"href":"http:\/\/www.creabarkod.com\/index.php?rest_route=\/wp\/v2\/types\/page"}],"author":[{"embeddable":true,"href":"http:\/\/www.creabarkod.com\/index.php?rest_route=\/wp\/v2\/users\/1"}],"replies":[{"embeddable":true,"href":"http:\/\/www.creabarkod.com\/index.php?rest_route=%2Fwp%2Fv2%2Fcomments&post=947"}],"version-history":[{"count":1,"href":"http:\/\/www.creabarkod.com\/index.php?rest_route=\/wp\/v2\/pages\/947\/revisions"}],"predecessor-version":[{"id":949,"href":"http:\/\/www.creabarkod.com\/index.php?rest_route=\/wp\/v2\/pages\/947\/revisions\/949"}],"up":[{"embeddable":true,"href":"http:\/\/www.creabarkod.com\/index.php?rest_route=\/wp\/v2\/pages\/754"}],"wp:attachment":[{"href":"http:\/\/www.creabarkod.com\/index.php?rest_route=%2Fwp%2Fv2%2Fmedia&parent=947"}],"curies":[{"name":"wp","href":"https:\/\/api.w.org\/{rel}","templated":true}]}}