{"id":892,"date":"2019-06-20T12:06:27","date_gmt":"2019-06-20T12:06:27","guid":{"rendered":"http:\/\/www.creabarkod.com\/?page_id=892"},"modified":"2019-06-20T12:16:31","modified_gmt":"2019-06-20T12:16:31","slug":"datalogic-quickscanlite-qw2100-imager-barkod-okuyucu","status":"publish","type":"page","link":"http:\/\/www.creabarkod.com\/?page_id=892","title":{"rendered":"Datalogic QuickScanLite QW2100 Imager Barkod Okuyucu"},"content":{"rendered":"\n<ul class=\"wp-block-gallery columns-3 is-cropped\"><li class=\"blocks-gallery-item\"><figure><a href=\"http:\/\/www.creabarkod.com\/wp-content\/uploads\/2019\/06\/Datalogic-QuickScanLite-QW2100-Imager-Barkod-Okuyucu-1-1.jpg\"><img loading=\"lazy\" width=\"500\" height=\"500\" src=\"http:\/\/www.creabarkod.com\/wp-content\/uploads\/2019\/06\/Datalogic-QuickScanLite-QW2100-Imager-Barkod-Okuyucu-1-1.jpg\" alt=\"Datalogic QuickScanLite QW2100 Imager Barkod Okuyucu\" data-id=\"893\" data-link=\"http:\/\/www.creabarkod.com\/?attachment_id=893\" class=\"wp-image-893\" srcset=\"http:\/\/www.creabarkod.com\/wp-content\/uploads\/2019\/06\/Datalogic-QuickScanLite-QW2100-Imager-Barkod-Okuyucu-1-1.jpg 500w, http:\/\/www.creabarkod.com\/wp-content\/uploads\/2019\/06\/Datalogic-QuickScanLite-QW2100-Imager-Barkod-Okuyucu-1-1-150x150.jpg 150w, http:\/\/www.creabarkod.com\/wp-content\/uploads\/2019\/06\/Datalogic-QuickScanLite-QW2100-Imager-Barkod-Okuyucu-1-1-300x300.jpg 300w\" sizes=\"(max-width: 500px) 100vw, 500px\" \/><\/a><\/figure><\/li><li class=\"blocks-gallery-item\"><figure><a href=\"http:\/\/www.creabarkod.com\/wp-content\/uploads\/2019\/06\/Datalogic-QuickScanLite-QW2100-Imager-Barkod-Okuyucu-2.jpg\"><img loading=\"lazy\" width=\"500\" height=\"500\" src=\"http:\/\/www.creabarkod.com\/wp-content\/uploads\/2019\/06\/Datalogic-QuickScanLite-QW2100-Imager-Barkod-Okuyucu-2.jpg\" alt=\"Datalogic QuickScanLite QW2100 Imager Barkod Okuyucu\" data-id=\"894\" data-link=\"http:\/\/www.creabarkod.com\/?attachment_id=894\" class=\"wp-image-894\" srcset=\"http:\/\/www.creabarkod.com\/wp-content\/uploads\/2019\/06\/Datalogic-QuickScanLite-QW2100-Imager-Barkod-Okuyucu-2.jpg 500w, http:\/\/www.creabarkod.com\/wp-content\/uploads\/2019\/06\/Datalogic-QuickScanLite-QW2100-Imager-Barkod-Okuyucu-2-150x150.jpg 150w, http:\/\/www.creabarkod.com\/wp-content\/uploads\/2019\/06\/Datalogic-QuickScanLite-QW2100-Imager-Barkod-Okuyucu-2-300x300.jpg 300w\" sizes=\"(max-width: 500px) 100vw, 500px\" \/><\/a><\/figure><\/li><li class=\"blocks-gallery-item\"><figure><a href=\"http:\/\/www.creabarkod.com\/wp-content\/uploads\/2019\/06\/Datalogic-QuickScanLite-QW2100-Imager-Barkod-Okuyucu-3.jpg\"><img loading=\"lazy\" width=\"500\" height=\"500\" src=\"http:\/\/www.creabarkod.com\/wp-content\/uploads\/2019\/06\/Datalogic-QuickScanLite-QW2100-Imager-Barkod-Okuyucu-3.jpg\" alt=\"Datalogic QuickScanLite QW2100 Imager Barkod Okuyucu\" data-id=\"895\" data-link=\"http:\/\/www.creabarkod.com\/?attachment_id=895\" class=\"wp-image-895\" srcset=\"http:\/\/www.creabarkod.com\/wp-content\/uploads\/2019\/06\/Datalogic-QuickScanLite-QW2100-Imager-Barkod-Okuyucu-3.jpg 500w, http:\/\/www.creabarkod.com\/wp-content\/uploads\/2019\/06\/Datalogic-QuickScanLite-QW2100-Imager-Barkod-Okuyucu-3-150x150.jpg 150w, http:\/\/www.creabarkod.com\/wp-content\/uploads\/2019\/06\/Datalogic-QuickScanLite-QW2100-Imager-Barkod-Okuyucu-3-300x300.jpg 300w\" sizes=\"(max-width: 500px) 100vw, 500px\" \/><\/a><\/figure><\/li><\/ul>\n\n\n\n<p>\u25cf El Tipi Imager barkod okuyucu<br>\u25cf Hafif ve sa\u011flam tasar\u0131m<br>\u25cf Saniyede 400 Tarama<br><strong>\u25cf\u00a0<\/strong>0,1 mm (4 mil) \u00e7\u00f6z\u00fcn\u00fcrl\u00fck\u25cf 25 ~ 600 mm okuma mesafesi<br>\u25cf Lazer \u00e7izgisi kadar ince tarama \u00e7izgisi<br>\u25cf USB Ba\u011flant\u0131<br>\u25cf IP42 Standartlar\u0131nda<br>\u25cf 1,5 metreden d\u00fc\u015fmeye dayan\u0131kl\u0131 <\/p>\n\n\n\n<table class=\"wp-block-table\"><tbody><tr><td>&nbsp;Model<\/td><td>&nbsp;Ba\u011flant\u0131 Tipi<\/td><\/tr><tr><td>&nbsp;<strong>QW2120-BK<\/strong><\/td><td>&nbsp;USB<\/td><\/tr><tr><td>&nbsp;<strong>QW2170-BK<\/strong><\/td><td>&nbsp;RS-232C veya Keyboard Wedge<\/td><\/tr><\/tbody><\/table>\n\n\n\n<table class=\"wp-block-table\"><tbody><tr><td><strong>&nbsp;Okuma Performans\u0131<\/strong><\/td><\/tr><tr><td>&nbsp;I\u015f\u0131k kayna\u011f\u0131<\/td><td>610-650 nm Red Led<\/td><\/tr><tr><td>&nbsp;Bask\u0131 Kontrast\u0131 (Minimum)<\/td><td>25%<\/td><\/tr><tr><td>&nbsp;Tarama H\u0131z\u0131<\/td><td>400 tarama\/saniye<\/td><\/tr><tr><td>&nbsp;Tarama A\u00e7\u0131s\u0131<\/td><td>Pitch: +\/- 65\u00b0; Roll (Tilt): +\/- 45\u00b0; Skew (Yaw): +\/- 70\u00b0<\/td><\/tr><tr><td>&nbsp;G\u00f6stergeler (LED)<\/td><td>Ayarlanabilir Ses Tonu, Datalogic \u2018Green Spot\u2019 Good Read Feedback; Good Read LED; Good Transmission<\/td><\/tr><tr><td>&nbsp;\u00c7\u00f6z\u00fcn\u00fcrl\u00fck<\/td><td>0.102 mm \/ 4 mil (1D Codes)<\/td><\/tr><tr><td>&nbsp;G\u00f6r\u00fcn\u00fcm alan\u0131<\/td><td>56\u00b0 +\/- 2\u00b0<\/td><\/tr><tr><td><strong>&nbsp;Fiziksel<\/strong><\/td><td><\/td><\/tr><tr><td>&nbsp;Y\u00fckseklik<\/td><td>170 mm<\/td><\/tr><tr><td>&nbsp;Derinlik<\/td><td>65 mm<\/td><\/tr><tr><td>&nbsp;Geni\u015flik<\/td><td>70 mm<\/td><\/tr><tr><td>&nbsp;A\u011f\u0131rl\u0131k<\/td><td>119 gr (Stand-Ayak Hari\u00e7)<\/td><\/tr><tr><td>&nbsp;Renk<\/td><td>Siyah<\/td><\/tr><tr><td><strong>&nbsp;Elektriksel<\/strong><\/td><td><\/td><\/tr><tr><td>&nbsp;Giri\u015f Voltaj\u0131<\/td><td>5VDC \u00b1 0.5V<\/td><\/tr><tr><td>&nbsp;\u00c7al\u0131\u015fma Ak\u0131m\u0131<\/td><td>340 mA @5VDC<\/td><\/tr><tr><td>&nbsp;Beklemede<\/td><td>190 mA @5VDC<\/td><\/tr><tr><td><strong>&nbsp;\u00c7evresel<\/strong><\/td><td><\/td><\/tr><tr><td>&nbsp;I\u015f\u0131k Seviyesi<\/td><td>100.000 Lux<\/td><\/tr><tr><td>&nbsp;\u00c7al\u0131\u015fma S\u0131cakl\u0131\u011f\u0131<\/td><td>0\u00b0C ~ 50\u00b0C<\/td><\/tr><tr><td>&nbsp;Muhafaza S\u0131cakl\u0131\u011f\u0131<\/td><td>-40 \u00b0C ~ 70 \u00b0C<\/td><\/tr><tr><td>&nbsp;Nem<\/td><td>%5 ~ %95 (Yo\u011funla\u015fmas\u0131z)<\/td><\/tr><tr><td>&nbsp;D\u00fc\u015fme dayan\u0131kl\u0131l\u0131\u011f\u0131<\/td><td>1,5 metre<\/td><\/tr><tr><td>&nbsp;IP Standard\u0131<\/td><td>IP42<\/td><\/tr><tr><td>&nbsp;ESD Korumas\u0131 (Air Discharge)<\/td><td>16 kV<\/td><\/tr><tr><td><strong>&nbsp;\u00c7\u00f6z\u00fcmleme Yetene\u011fi<\/strong><\/td><td><\/td><\/tr><tr><td>&nbsp;1D&nbsp;Linear Kodlar<\/td><td>GS1\/Databar Dahil Standart 1D&nbsp;Linear Kodlar<\/td><\/tr><tr><td>&nbsp;Postal Kodlar<\/td><td>Australian Post; British Post; Canadian Post; China Post; Japanese Post; KIX Post; Korea Post; Planet Code; Postnet; Royal Mail Code (RM4SCC)<\/td><\/tr><tr><td>&nbsp;Stacked Kodlar<\/td><td>EAN\/JAN Composites; GS1 DataBar Composites; GS1, DataBar Expanded Stacked; GS1 DataBar Stacked; GS1, DataBar Stacked Omnidirectional<\/td><\/tr><tr><td><strong>&nbsp;Okuma Aral\u0131klar\u0131<\/strong><\/td><td><\/td><\/tr><tr><td>&nbsp;Tarama mesafeleri<\/td><td>5 mils : 2.5 to 15.0 cm<br>7.5 mils : 0 to 24.0 cm<br>10 mils: 0 to 35.0 cm<br>13 mils: 0 to 40.0 cm<br>20 mils: 0 to 60.0 cm<\/td><\/tr><tr><td><strong>&nbsp;G\u00fcvenlik ve D\u00fczenleyiciler<\/strong><\/td><td><\/td><\/tr><tr><td>&nbsp;Kurum onaylar\u0131 (Sertifikalar)<\/td><td>&#8211;<\/td><\/tr><tr><td>&nbsp;\u00c7evreye Uyum<\/td><td>\u00c7in ve Avrupa RoHS uyumlu<\/td><\/tr><\/tbody><\/table>\n","protected":false},"excerpt":{"rendered":"<p>\u25cf El Tipi Imager barkod okuyucu\u25cf Hafif ve sa\u011flam tasar\u0131m\u25cf Saniyede 400 Tarama\u25cf\u00a00,1 mm (4 mil) \u00e7\u00f6z\u00fcn\u00fcrl\u00fck\u25cf 25 ~ 600 mm okuma mesafesi\u25cf Lazer \u00e7izgisi kadar ince tarama \u00e7izgisi\u25cf USB Ba\u011flant\u0131\u25cf IP42 Standartlar\u0131nda\u25cf 1,5 metreden d\u00fc\u015fmeye dayan\u0131kl\u0131 &nbsp;Model &nbsp;Ba\u011flant\u0131 Tipi &nbsp;QW2120-BK &nbsp;USB &nbsp;QW2170-BK &nbsp;RS-232C veya Keyboard Wedge &nbsp;Okuma Performans\u0131 &nbsp;I\u015f\u0131k kayna\u011f\u0131 610-650 nm Red Led [&hellip;]<\/p>\n","protected":false},"author":1,"featured_media":0,"parent":752,"menu_order":0,"comment_status":"closed","ping_status":"closed","template":"","meta":[],"yoast_head":"<!-- This site is optimized with the Yoast SEO plugin v15.7 - https:\/\/yoast.com\/wordpress\/plugins\/seo\/ -->\n<title>Datalogic QuickScanLite QW2100 Imager Barkod Okuyucu - Crea Barkod<\/title>\n<meta name=\"robots\" content=\"index, follow, max-snippet:-1, max-image-preview:large, max-video-preview:-1\" \/>\n<link rel=\"canonical\" href=\"http:\/\/www.creabarkod.com\/?page_id=892\" \/>\n<meta property=\"og:locale\" content=\"tr_TR\" \/>\n<meta property=\"og:type\" content=\"article\" \/>\n<meta property=\"og:title\" content=\"Datalogic QuickScanLite QW2100 Imager Barkod Okuyucu - Crea Barkod\" \/>\n<meta property=\"og:description\" content=\"\u25cf El Tipi Imager barkod okuyucu\u25cf Hafif ve sa\u011flam tasar\u0131m\u25cf Saniyede 400 Tarama\u25cf\u00a00,1 mm (4 mil) \u00e7\u00f6z\u00fcn\u00fcrl\u00fck\u25cf 25 ~ 600 mm okuma mesafesi\u25cf Lazer \u00e7izgisi kadar ince tarama \u00e7izgisi\u25cf USB Ba\u011flant\u0131\u25cf IP42 Standartlar\u0131nda\u25cf 1,5 metreden d\u00fc\u015fmeye dayan\u0131kl\u0131 &nbsp;Model &nbsp;Ba\u011flant\u0131 Tipi &nbsp;QW2120-BK &nbsp;USB &nbsp;QW2170-BK &nbsp;RS-232C veya Keyboard Wedge &nbsp;Okuma Performans\u0131 &nbsp;I\u015f\u0131k kayna\u011f\u0131 610-650 nm Red Led [&hellip;]\" \/>\n<meta property=\"og:url\" content=\"http:\/\/www.creabarkod.com\/?page_id=892\" \/>\n<meta property=\"og:site_name\" content=\"Crea Barkod\" \/>\n<meta property=\"article:modified_time\" content=\"2019-06-20T12:16:31+00:00\" \/>\n<meta property=\"og:image\" content=\"http:\/\/www.creabarkod.com\/wp-content\/uploads\/2019\/06\/Datalogic-QuickScanLite-QW2100-Imager-Barkod-Okuyucu-1-1.jpg\" \/>\n<meta name=\"twitter:card\" content=\"summary_large_image\" \/>\n<meta name=\"twitter:label1\" content=\"Tahmini okuma s\u00fcresi\">\n\t<meta name=\"twitter:data1\" content=\"2 dakika\">\n<script type=\"application\/ld+json\" class=\"yoast-schema-graph\">{\"@context\":\"https:\/\/schema.org\",\"@graph\":[{\"@type\":\"WebSite\",\"@id\":\"http:\/\/www.creabarkod.com\/#website\",\"url\":\"http:\/\/www.creabarkod.com\/\",\"name\":\"Crea Barkod\",\"description\":\"\",\"potentialAction\":[{\"@type\":\"SearchAction\",\"target\":\"http:\/\/www.creabarkod.com\/?s={search_term_string}\",\"query-input\":\"required name=search_term_string\"}],\"inLanguage\":\"tr\"},{\"@type\":\"ImageObject\",\"@id\":\"http:\/\/www.creabarkod.com\/?page_id=892#primaryimage\",\"inLanguage\":\"tr\",\"url\":\"http:\/\/www.creabarkod.com\/wp-content\/uploads\/2019\/06\/Datalogic-QuickScanLite-QW2100-Imager-Barkod-Okuyucu-1-1.jpg\",\"width\":500,\"height\":500,\"caption\":\"Datalogic QuickScanLite QW2100 Imager Barkod Okuyucu\"},{\"@type\":\"WebPage\",\"@id\":\"http:\/\/www.creabarkod.com\/?page_id=892#webpage\",\"url\":\"http:\/\/www.creabarkod.com\/?page_id=892\",\"name\":\"Datalogic QuickScanLite QW2100 Imager Barkod Okuyucu - Crea Barkod\",\"isPartOf\":{\"@id\":\"http:\/\/www.creabarkod.com\/#website\"},\"primaryImageOfPage\":{\"@id\":\"http:\/\/www.creabarkod.com\/?page_id=892#primaryimage\"},\"datePublished\":\"2019-06-20T12:06:27+00:00\",\"dateModified\":\"2019-06-20T12:16:31+00:00\",\"inLanguage\":\"tr\",\"potentialAction\":[{\"@type\":\"ReadAction\",\"target\":[\"http:\/\/www.creabarkod.com\/?page_id=892\"]}]}]}<\/script>\n<!-- \/ Yoast SEO plugin. -->","_links":{"self":[{"href":"http:\/\/www.creabarkod.com\/index.php?rest_route=\/wp\/v2\/pages\/892"}],"collection":[{"href":"http:\/\/www.creabarkod.com\/index.php?rest_route=\/wp\/v2\/pages"}],"about":[{"href":"http:\/\/www.creabarkod.com\/index.php?rest_route=\/wp\/v2\/types\/page"}],"author":[{"embeddable":true,"href":"http:\/\/www.creabarkod.com\/index.php?rest_route=\/wp\/v2\/users\/1"}],"replies":[{"embeddable":true,"href":"http:\/\/www.creabarkod.com\/index.php?rest_route=%2Fwp%2Fv2%2Fcomments&post=892"}],"version-history":[{"count":1,"href":"http:\/\/www.creabarkod.com\/index.php?rest_route=\/wp\/v2\/pages\/892\/revisions"}],"predecessor-version":[{"id":896,"href":"http:\/\/www.creabarkod.com\/index.php?rest_route=\/wp\/v2\/pages\/892\/revisions\/896"}],"up":[{"embeddable":true,"href":"http:\/\/www.creabarkod.com\/index.php?rest_route=\/wp\/v2\/pages\/752"}],"wp:attachment":[{"href":"http:\/\/www.creabarkod.com\/index.php?rest_route=%2Fwp%2Fv2%2Fmedia&parent=892"}],"curies":[{"name":"wp","href":"https:\/\/api.w.org\/{rel}","templated":true}]}}