{"id":821,"date":"2019-06-20T09:28:04","date_gmt":"2019-06-20T09:28:04","guid":{"rendered":"http:\/\/www.creabarkod.com\/?page_id=821"},"modified":"2019-06-20T09:31:49","modified_gmt":"2019-06-20T09:31:49","slug":"newland-hr1550-35-wahoo-ccd-barkod-okuyucu","status":"publish","type":"page","link":"http:\/\/www.creabarkod.com\/?page_id=821","title":{"rendered":"Newland HR1550-35 (Wahoo) CCD Barkod Okuyucu"},"content":{"rendered":"\n<ul class=\"wp-block-gallery columns-3 is-cropped\"><li class=\"blocks-gallery-item\"><figure><a href=\"http:\/\/www.creabarkod.com\/wp-content\/uploads\/2019\/06\/Newland-HR1550-35-Wahoo-CCD-Barkod-Okuyucu-1.jpg\"><img loading=\"lazy\" width=\"500\" height=\"500\" src=\"http:\/\/www.creabarkod.com\/wp-content\/uploads\/2019\/06\/Newland-HR1550-35-Wahoo-CCD-Barkod-Okuyucu-1.jpg\" alt=\"Newland HR1550-35 Wahoo CCD Barkod Okuyucu\" data-id=\"822\" data-link=\"http:\/\/www.creabarkod.com\/?attachment_id=822\" class=\"wp-image-822\" srcset=\"http:\/\/www.creabarkod.com\/wp-content\/uploads\/2019\/06\/Newland-HR1550-35-Wahoo-CCD-Barkod-Okuyucu-1.jpg 500w, http:\/\/www.creabarkod.com\/wp-content\/uploads\/2019\/06\/Newland-HR1550-35-Wahoo-CCD-Barkod-Okuyucu-1-150x150.jpg 150w, http:\/\/www.creabarkod.com\/wp-content\/uploads\/2019\/06\/Newland-HR1550-35-Wahoo-CCD-Barkod-Okuyucu-1-300x300.jpg 300w\" sizes=\"(max-width: 500px) 100vw, 500px\" \/><\/a><\/figure><\/li><li class=\"blocks-gallery-item\"><figure><a href=\"http:\/\/www.creabarkod.com\/wp-content\/uploads\/2019\/06\/Newland-HR1550-35-Wahoo-CCD-Barkod-Okuyucu-2.jpg\"><img loading=\"lazy\" width=\"500\" height=\"500\" src=\"http:\/\/www.creabarkod.com\/wp-content\/uploads\/2019\/06\/Newland-HR1550-35-Wahoo-CCD-Barkod-Okuyucu-2.jpg\" alt=\"Newland HR1550-35 Wahoo CCD Barkod Okuyucu\" data-id=\"823\" data-link=\"http:\/\/www.creabarkod.com\/?attachment_id=823\" class=\"wp-image-823\" srcset=\"http:\/\/www.creabarkod.com\/wp-content\/uploads\/2019\/06\/Newland-HR1550-35-Wahoo-CCD-Barkod-Okuyucu-2.jpg 500w, http:\/\/www.creabarkod.com\/wp-content\/uploads\/2019\/06\/Newland-HR1550-35-Wahoo-CCD-Barkod-Okuyucu-2-150x150.jpg 150w, http:\/\/www.creabarkod.com\/wp-content\/uploads\/2019\/06\/Newland-HR1550-35-Wahoo-CCD-Barkod-Okuyucu-2-300x300.jpg 300w\" sizes=\"(max-width: 500px) 100vw, 500px\" \/><\/a><\/figure><\/li><li class=\"blocks-gallery-item\"><figure><a href=\"http:\/\/www.creabarkod.com\/wp-content\/uploads\/2019\/06\/Newland-HR1550-35-Wahoo-CCD-Barkod-Okuyucu-3.jpg\"><img loading=\"lazy\" width=\"500\" height=\"500\" src=\"http:\/\/www.creabarkod.com\/wp-content\/uploads\/2019\/06\/Newland-HR1550-35-Wahoo-CCD-Barkod-Okuyucu-3.jpg\" alt=\"Newland HR1550-35 Wahoo CCD Barkod Okuyucu\" data-id=\"824\" data-link=\"http:\/\/www.creabarkod.com\/?attachment_id=824\" class=\"wp-image-824\" srcset=\"http:\/\/www.creabarkod.com\/wp-content\/uploads\/2019\/06\/Newland-HR1550-35-Wahoo-CCD-Barkod-Okuyucu-3.jpg 500w, http:\/\/www.creabarkod.com\/wp-content\/uploads\/2019\/06\/Newland-HR1550-35-Wahoo-CCD-Barkod-Okuyucu-3-150x150.jpg 150w, http:\/\/www.creabarkod.com\/wp-content\/uploads\/2019\/06\/Newland-HR1550-35-Wahoo-CCD-Barkod-Okuyucu-3-300x300.jpg 300w\" sizes=\"(max-width: 500px) 100vw, 500px\" \/><\/a><\/figure><\/li><\/ul>\n\n\n\n<p>\u25cf 1D CCD Barkod Okuyucu<br>\u25cf Hafif ve sa\u011flam tasar\u0131m<br>\u25cf Saniyede 300 Tarama<br>\u25cf 0,1 mm (4 mil) \u00e7\u00f6z\u00fcn\u00fcrl\u00fck<br>\u25cf PS\/2, Seri Port ve USB Ba\u011flant\u0131 Se\u00e7enekleri <\/p>\n\n\n\n<table class=\"wp-block-table\"><tbody><tr><td><strong>&nbsp;Performans<\/strong><\/td><\/tr><tr><td>&nbsp;Imager Sensor<\/td><td>CCD Linear Image<\/td><\/tr><tr><td>&nbsp;I\u015f\u0131k Kayna\u011f\u0131<\/td><td>620 nm G\u00f6r\u00fclebilir K\u0131rm\u0131z\u0131 LED<\/td><\/tr><tr><td>&nbsp;Tarama H\u0131z\u0131<\/td><td>300 tarama\/saniye<\/td><\/tr><tr><td>&nbsp;Tarama A\u00e7\u0131s\u0131<\/td><td>42\u00b0<\/td><\/tr><tr><td>&nbsp;Minumum Bar Geni\u015fli\u011fi<\/td><td>0,1 mm (4 mil)<\/td><\/tr><tr><td>&nbsp;Uyar\u0131c\u0131lar<\/td><td>LED ve Bip sesi<\/td><\/tr><tr><td>&nbsp;Yazd\u0131rma kar\u015f\u0131tl\u0131\u011f\u0131<\/td><td>%25<\/td><\/tr><tr><td>&nbsp;Desteklenen Arabirimleri<\/td><td>PS\/2, RS-232C ve USB<\/td><\/tr><tr><td><strong>&nbsp;Fiziksel<\/strong><\/td><td>&nbsp;<\/td><\/tr><tr><td>&nbsp;Y\u00fckseklik<\/td><td>159 mm<\/td><\/tr><tr><td>&nbsp;Uzunluk<\/td><td>113,5 mm<\/td><\/tr><tr><td>&nbsp;Geni\u015flik<\/td><td>73 mm<\/td><\/tr><tr><td>&nbsp;A\u011f\u0131rl\u0131k<\/td><td>152 Gram<\/td><\/tr><tr><td><strong>&nbsp;Elektriksel<\/strong><\/td><td>&nbsp;<\/td><\/tr><tr><td>&nbsp;Elektrik Adapt\u00f6r\u00fc<\/td><td>Giri\u015f: AC 100~240V, 50~60Hz<\/td><\/tr><tr><td>\u00c7\u0131k\u0131\u015f: DC5V, \u22651.5A<\/td><\/tr><tr><td><strong>&nbsp;\u00c7evresel<\/strong><\/td><td>&nbsp;<\/td><\/tr><tr><td>&nbsp;\u00c7al\u0131\u015fma S\u0131cakl\u0131\u011f\u0131<\/td><td>-10\u00b0C ~ 50\u00b0C<\/td><\/tr><tr><td>&nbsp;Muhafaza S\u0131cakl\u0131\u011f\u0131<\/td><td>-20\u00b0C ~ 60\u00b0C<\/td><\/tr><tr><td>&nbsp;Nem<\/td><td>%5 ~ %95 (Yo\u011fu\u015fmas\u0131z)<\/td><\/tr><tr><td>&nbsp;ESD<\/td><td>\u00b18 KV (Direct discharge); \u00b112 KV (air discharge)<\/td><\/tr><tr><td>&nbsp;Darbe Dayan\u0131kl\u0131l\u0131\u011f\u0131<\/td><td>Maksimum 1,5 Metre<\/td><\/tr><tr><td>&nbsp;IP Standart\u0131<\/td><td>IP54<\/td><\/tr><tr><td><strong>&nbsp;Sertifikalar<\/strong><\/td><td>&nbsp;<\/td><\/tr><tr><td>&nbsp;Sertifikalar<\/td><td>FCC Part15 Class B, CE EMC Class B, CCC<\/td><\/tr><tr><td><strong>&nbsp;Desteklenen Barkod Tipleri<\/strong><\/td><td>&nbsp;<\/td><\/tr><tr><td>&nbsp;Barkod Tipleri<\/td><td>Code128, EAN-13, EAN-8, Code 39, UPC-A, UPC-E, Codabar, Interleaved 2 of 5, ISBN, Code 93, UCC\/EAN-128, GS1 Databar, PDF417, MicroPDF417<\/td><\/tr><tr><td><strong>&nbsp;Aksesuarlar<\/strong><\/td><td>&nbsp;<\/td><\/tr><tr><td>&nbsp;Kablo<\/td><td>Sarmal Kablo<\/td><\/tr><tr><td>&nbsp;Ayakl\u0131k<\/td><td>Tetiksiz Kullann\u0131m \u0130\u00e7in<\/td><\/tr><\/tbody><\/table>\n","protected":false},"excerpt":{"rendered":"<p>\u25cf 1D CCD Barkod Okuyucu\u25cf Hafif ve sa\u011flam tasar\u0131m\u25cf Saniyede 300 Tarama\u25cf 0,1 mm (4 mil) \u00e7\u00f6z\u00fcn\u00fcrl\u00fck\u25cf PS\/2, Seri Port ve USB Ba\u011flant\u0131 Se\u00e7enekleri &nbsp;Performans &nbsp;Imager Sensor CCD Linear Image &nbsp;I\u015f\u0131k Kayna\u011f\u0131 620 nm G\u00f6r\u00fclebilir K\u0131rm\u0131z\u0131 LED &nbsp;Tarama H\u0131z\u0131 300 tarama\/saniye &nbsp;Tarama A\u00e7\u0131s\u0131 42\u00b0 &nbsp;Minumum Bar Geni\u015fli\u011fi 0,1 mm (4 mil) &nbsp;Uyar\u0131c\u0131lar LED ve Bip [&hellip;]<\/p>\n","protected":false},"author":1,"featured_media":0,"parent":736,"menu_order":0,"comment_status":"closed","ping_status":"closed","template":"","meta":[],"yoast_head":"<!-- This site is optimized with the Yoast SEO plugin v15.7 - https:\/\/yoast.com\/wordpress\/plugins\/seo\/ -->\n<title>Newland HR1550-35 (Wahoo) CCD Barkod Okuyucu - Crea Barkod<\/title>\n<meta name=\"robots\" content=\"index, follow, max-snippet:-1, max-image-preview:large, max-video-preview:-1\" \/>\n<link rel=\"canonical\" href=\"http:\/\/www.creabarkod.com\/?page_id=821\" \/>\n<meta property=\"og:locale\" content=\"tr_TR\" \/>\n<meta property=\"og:type\" content=\"article\" \/>\n<meta property=\"og:title\" content=\"Newland HR1550-35 (Wahoo) CCD Barkod Okuyucu - Crea Barkod\" \/>\n<meta property=\"og:description\" content=\"\u25cf 1D CCD Barkod Okuyucu\u25cf Hafif ve sa\u011flam tasar\u0131m\u25cf Saniyede 300 Tarama\u25cf 0,1 mm (4 mil) \u00e7\u00f6z\u00fcn\u00fcrl\u00fck\u25cf PS\/2, Seri Port ve USB Ba\u011flant\u0131 Se\u00e7enekleri &nbsp;Performans &nbsp;Imager Sensor CCD Linear Image &nbsp;I\u015f\u0131k Kayna\u011f\u0131 620 nm G\u00f6r\u00fclebilir K\u0131rm\u0131z\u0131 LED &nbsp;Tarama H\u0131z\u0131 300 tarama\/saniye &nbsp;Tarama A\u00e7\u0131s\u0131 42\u00b0 &nbsp;Minumum Bar Geni\u015fli\u011fi 0,1 mm (4 mil) &nbsp;Uyar\u0131c\u0131lar LED ve Bip [&hellip;]\" \/>\n<meta property=\"og:url\" content=\"http:\/\/www.creabarkod.com\/?page_id=821\" \/>\n<meta property=\"og:site_name\" content=\"Crea Barkod\" \/>\n<meta property=\"article:modified_time\" content=\"2019-06-20T09:31:49+00:00\" \/>\n<meta property=\"og:image\" content=\"http:\/\/www.creabarkod.com\/wp-content\/uploads\/2019\/06\/Newland-HR1550-35-Wahoo-CCD-Barkod-Okuyucu-1.jpg\" \/>\n<meta name=\"twitter:card\" content=\"summary_large_image\" \/>\n<meta name=\"twitter:label1\" content=\"Tahmini okuma s\u00fcresi\">\n\t<meta name=\"twitter:data1\" content=\"1 dakika\">\n<script type=\"application\/ld+json\" class=\"yoast-schema-graph\">{\"@context\":\"https:\/\/schema.org\",\"@graph\":[{\"@type\":\"WebSite\",\"@id\":\"http:\/\/www.creabarkod.com\/#website\",\"url\":\"http:\/\/www.creabarkod.com\/\",\"name\":\"Crea Barkod\",\"description\":\"\",\"potentialAction\":[{\"@type\":\"SearchAction\",\"target\":\"http:\/\/www.creabarkod.com\/?s={search_term_string}\",\"query-input\":\"required name=search_term_string\"}],\"inLanguage\":\"tr\"},{\"@type\":\"ImageObject\",\"@id\":\"http:\/\/www.creabarkod.com\/?page_id=821#primaryimage\",\"inLanguage\":\"tr\",\"url\":\"http:\/\/www.creabarkod.com\/wp-content\/uploads\/2019\/06\/Newland-HR1550-35-Wahoo-CCD-Barkod-Okuyucu-1.jpg\",\"width\":500,\"height\":500,\"caption\":\"Newland HR1550-35 Wahoo CCD Barkod Okuyucu\"},{\"@type\":\"WebPage\",\"@id\":\"http:\/\/www.creabarkod.com\/?page_id=821#webpage\",\"url\":\"http:\/\/www.creabarkod.com\/?page_id=821\",\"name\":\"Newland HR1550-35 (Wahoo) CCD Barkod Okuyucu - Crea Barkod\",\"isPartOf\":{\"@id\":\"http:\/\/www.creabarkod.com\/#website\"},\"primaryImageOfPage\":{\"@id\":\"http:\/\/www.creabarkod.com\/?page_id=821#primaryimage\"},\"datePublished\":\"2019-06-20T09:28:04+00:00\",\"dateModified\":\"2019-06-20T09:31:49+00:00\",\"inLanguage\":\"tr\",\"potentialAction\":[{\"@type\":\"ReadAction\",\"target\":[\"http:\/\/www.creabarkod.com\/?page_id=821\"]}]}]}<\/script>\n<!-- \/ Yoast SEO plugin. -->","_links":{"self":[{"href":"http:\/\/www.creabarkod.com\/index.php?rest_route=\/wp\/v2\/pages\/821"}],"collection":[{"href":"http:\/\/www.creabarkod.com\/index.php?rest_route=\/wp\/v2\/pages"}],"about":[{"href":"http:\/\/www.creabarkod.com\/index.php?rest_route=\/wp\/v2\/types\/page"}],"author":[{"embeddable":true,"href":"http:\/\/www.creabarkod.com\/index.php?rest_route=\/wp\/v2\/users\/1"}],"replies":[{"embeddable":true,"href":"http:\/\/www.creabarkod.com\/index.php?rest_route=%2Fwp%2Fv2%2Fcomments&post=821"}],"version-history":[{"count":1,"href":"http:\/\/www.creabarkod.com\/index.php?rest_route=\/wp\/v2\/pages\/821\/revisions"}],"predecessor-version":[{"id":825,"href":"http:\/\/www.creabarkod.com\/index.php?rest_route=\/wp\/v2\/pages\/821\/revisions\/825"}],"up":[{"embeddable":true,"href":"http:\/\/www.creabarkod.com\/index.php?rest_route=\/wp\/v2\/pages\/736"}],"wp:attachment":[{"href":"http:\/\/www.creabarkod.com\/index.php?rest_route=%2Fwp%2Fv2%2Fmedia&parent=821"}],"curies":[{"name":"wp","href":"https:\/\/api.w.org\/{rel}","templated":true}]}}