{"id":59,"date":"2019-02-11T11:28:28","date_gmt":"2019-02-11T11:28:28","guid":{"rendered":"http:\/\/www.creabarkod.com\/?page_id=59"},"modified":"2019-02-11T18:46:28","modified_gmt":"2019-02-11T18:46:28","slug":"kuse-etiketler","status":"publish","type":"page","link":"http:\/\/www.creabarkod.com\/?page_id=59","title":{"rendered":"Ku\u015fe Barkod Etiketler"},"content":{"rendered":"\n<div class=\"wp-block-image\"><figure class=\"aligncenter\"><img loading=\"lazy\" width=\"1024\" height=\"147\" src=\"http:\/\/www.creabarkod.com\/wp-content\/uploads\/2019\/02\/Crea_Etiket_Kesim_Makinesi-1024x147.png\" alt=\"Barkod Etiket \u0130malat\u0131\" class=\"wp-image-89\" srcset=\"http:\/\/www.creabarkod.com\/wp-content\/uploads\/2019\/02\/Crea_Etiket_Kesim_Makinesi-1024x147.png 1024w, http:\/\/www.creabarkod.com\/wp-content\/uploads\/2019\/02\/Crea_Etiket_Kesim_Makinesi-300x43.png 300w, http:\/\/www.creabarkod.com\/wp-content\/uploads\/2019\/02\/Crea_Etiket_Kesim_Makinesi-768x110.png 768w, http:\/\/www.creabarkod.com\/wp-content\/uploads\/2019\/02\/Crea_Etiket_Kesim_Makinesi.png 1050w\" sizes=\"(max-width: 1024px) 100vw, 1024px\" \/><\/figure><\/div>\n\n\n\n<h3>Ku\u015fe Etiketler :<\/h3>\n\n\n\n<p>Ku\u015fe etiket, \u00fcst taraf\u0131 yar\u0131 parlak ve p\u00fcr\u00fczs\u00fcz olan ribon bask\u0131s\u0131na uyumlu etiket \u00e7e\u015fididir.&nbsp;<br>Is\u0131ya, neme ve s\u00fcrt\u00fcnmeye kar\u015f\u0131 dayan\u0131kl\u0131d\u0131r. Bilgiler uzun y\u0131llar etiket \u00fczerinde kal\u0131c\u0131d\u0131r.<br>\u00d6zellikle <strong><em>barkod <\/em><\/strong>bask\u0131l\u0131 etiketlerde tercih sebebidir.<\/p>\n\n\n\n<h3>\u00dcr\u00fcn Detaylar\u0131 :<\/h3>\n\n\n\n<ul><li><strong>Boyut:<\/strong>&nbsp;\u0130stenilen \u00f6l\u00e7\u00fclerde 2 i\u015f g\u00fcn\u00fc i\u00e7inde \u00fcretim yap\u0131l\u0131r. <\/li><li><strong>\u00c7e\u015fitleri:<\/strong> Ku\u015fe, Farma Etiket, Fastyre Etiket<\/li><li><strong>Yap\u0131\u015fkan T\u00fcrleri:<\/strong>&nbsp;Akrilik, Hotmelt, Nonperm, Deepfreeze<\/li><li><strong>Kullan\u0131labilecek Ribon:<\/strong>&nbsp;Wax Ribon<\/li><\/ul>\n\n\n\n<h3>S\u00fcrekli Stokta Haz\u0131r Bulunan \u00d6l\u00e7\u00fcler :<\/h3>\n\n\n\n<ul><li><strong>50 x 100<\/strong> Ku\u015fe Barkod Etiketi<\/li><li><strong>100 x 100<\/strong> Ku\u015fe Barkod Etiketi<\/li><li><strong>150 x 100<\/strong> Ku\u015fe Barkod Etiketi <\/li><li><strong>40 x 20<\/strong> Yanyana Biti\u015fik 5&#8242; li Ku\u015fe Barkod Etiketi<\/li><\/ul>\n\n\n\n<p> <strong>WhatsApp\u00a0ile\u00a0<a href=\"https:\/\/wa.me\/+905362919091\">S\u0130PAR\u0130\u015e\u00a0<\/a>verin\u00a0veya\u00a0<a href=\"https:\/\/wa.me\/+905362919091\">B\u0130LG\u0130 <\/a>al\u0131n<\/strong> <\/p>\n\n\n<div class=\"foogallery foogallery-container foogallery-masonry foogallery-lightbox-none fg-center fg-masonry fg-light fg-border-thick fg-round-large fg-shadow-large fg-hover-grayscale fg-hover-scale fg-hover-fade fg-ready\" id=\"foogallery-gallery-155\" data-foogallery=\"{&quot;item&quot;:{&quot;showCaptionTitle&quot;:false,&quot;showCaptionDescription&quot;:false},&quot;lazy&quot;:true,&quot;src&quot;:&quot;data-src-fg&quot;,&quot;srcset&quot;:&quot;data-srcset-fg&quot;,&quot;template&quot;:{&quot;layout&quot;:&quot;fixed&quot;,&quot;columnWidth&quot;:150,&quot;gutter&quot;:10}}\" data-fg-common-fields=\"1\" >\r\n\t<div class=\"fg-item\"><figure class=\"fg-item-inner\"><a data-caption-title=\"Crea Barkod\" data-caption-desc=\"Crea Barkod\" data-attachment-id=\"4\" class=\"fg-thumb\"><span class=\"fg-image-wrap\"><img alt=\"Crea Barkod\" title=\"Crea Barkod\" width=\"150\" height=\"77\" data-src-fg=\"http:\/\/www.creabarkod.com\/wp-content\/uploads\/cache\/2019\/02\/crea_marka_r\/965856932.png\" class=\"fg-image\" \/><\/span><\/a><figcaption class=\"fg-caption\"><div class=\"fg-caption-inner\"><\/div><\/figcaption><\/figure><div class=\"fg-loader\"><\/div><\/div><\/div>","protected":false},"excerpt":{"rendered":"<p>Ku\u015fe Etiketler : Ku\u015fe etiket, \u00fcst taraf\u0131 yar\u0131 parlak ve p\u00fcr\u00fczs\u00fcz olan ribon bask\u0131s\u0131na uyumlu etiket \u00e7e\u015fididir.&nbsp;Is\u0131ya, neme ve s\u00fcrt\u00fcnmeye kar\u015f\u0131 dayan\u0131kl\u0131d\u0131r. Bilgiler uzun y\u0131llar etiket \u00fczerinde kal\u0131c\u0131d\u0131r.\u00d6zellikle barkod bask\u0131l\u0131 etiketlerde tercih sebebidir. \u00dcr\u00fcn Detaylar\u0131 : Boyut:&nbsp;\u0130stenilen \u00f6l\u00e7\u00fclerde 2 i\u015f g\u00fcn\u00fc i\u00e7inde \u00fcretim yap\u0131l\u0131r. \u00c7e\u015fitleri: Ku\u015fe, Farma Etiket, Fastyre Etiket Yap\u0131\u015fkan T\u00fcrleri:&nbsp;Akrilik, Hotmelt, Nonperm, Deepfreeze [&hellip;]<\/p>\n","protected":false},"author":1,"featured_media":46,"parent":8,"menu_order":0,"comment_status":"closed","ping_status":"closed","template":"","meta":[],"yoast_head":"<!-- This site is optimized with the Yoast SEO plugin v15.7 - https:\/\/yoast.com\/wordpress\/plugins\/seo\/ -->\n<title>Crea Barkod - Ku\u015fe Barkod Etiketler - Uygun Fiyat - H\u0131zl\u0131 Teslimat<\/title>\n<meta name=\"description\" content=\"Ku\u015fe etiket, \u00fcst taraf\u0131 yar\u0131 parlak ve p\u00fcr\u00fczs\u00fczd\u00fcr Is\u0131ya, neme ve s\u00fcrt\u00fcnmeye kar\u015f\u0131 dayan\u0131kl\u0131d\u0131r. Bilgiler uzun y\u0131llar etiket \u00fczerinde kal\u0131c\u0131d\u0131r.\" \/>\n<meta name=\"robots\" content=\"index, follow, max-snippet:-1, max-image-preview:large, max-video-preview:-1\" \/>\n<link rel=\"canonical\" href=\"http:\/\/www.creabarkod.com\/?page_id=59\" \/>\n<meta property=\"og:locale\" content=\"tr_TR\" \/>\n<meta property=\"og:type\" content=\"article\" \/>\n<meta property=\"og:title\" content=\"Ku\u015fe Barkod Etiketler\" \/>\n<meta property=\"og:description\" content=\"Ku\u015fe etiket, \u00fcst taraf\u0131 yar\u0131 parlak ve p\u00fcr\u00fczs\u00fcz olan ribon bask\u0131s\u0131na uyumlu etiket \u00e7e\u015fididir. Is\u0131ya, neme ve s\u00fcrt\u00fcnmeye kar\u015f\u0131 dayan\u0131kl\u0131d\u0131r. Bilgiler uzun y\u0131llar etiket \u00fczerinde kal\u0131c\u0131d\u0131r.\" \/>\n<meta property=\"og:url\" content=\"http:\/\/www.creabarkod.com\/?page_id=59\" \/>\n<meta property=\"og:site_name\" content=\"Crea Barkod\" \/>\n<meta property=\"article:modified_time\" content=\"2019-02-11T18:46:28+00:00\" \/>\n<meta property=\"og:image\" content=\"http:\/\/www.creabarkod.com\/wp-content\/uploads\/2019\/02\/kusetiket.png\" \/>\n\t<meta property=\"og:image:width\" content=\"250\" \/>\n\t<meta property=\"og:image:height\" content=\"250\" \/>\n<meta name=\"twitter:card\" content=\"summary_large_image\" \/>\n<meta name=\"twitter:label1\" content=\"Tahmini okuma s\u00fcresi\">\n\t<meta name=\"twitter:data1\" content=\"1 dakika\">\n<script type=\"application\/ld+json\" class=\"yoast-schema-graph\">{\"@context\":\"https:\/\/schema.org\",\"@graph\":[{\"@type\":\"WebSite\",\"@id\":\"http:\/\/www.creabarkod.com\/#website\",\"url\":\"http:\/\/www.creabarkod.com\/\",\"name\":\"Crea Barkod\",\"description\":\"\",\"potentialAction\":[{\"@type\":\"SearchAction\",\"target\":\"http:\/\/www.creabarkod.com\/?s={search_term_string}\",\"query-input\":\"required name=search_term_string\"}],\"inLanguage\":\"tr\"},{\"@type\":\"ImageObject\",\"@id\":\"http:\/\/www.creabarkod.com\/?page_id=59#primaryimage\",\"inLanguage\":\"tr\",\"url\":\"http:\/\/www.creabarkod.com\/wp-content\/uploads\/2019\/02\/kusetiket.png\",\"width\":250,\"height\":250,\"caption\":\"Ku\\u015fe Etiketler\"},{\"@type\":\"WebPage\",\"@id\":\"http:\/\/www.creabarkod.com\/?page_id=59#webpage\",\"url\":\"http:\/\/www.creabarkod.com\/?page_id=59\",\"name\":\"Crea Barkod - Ku\\u015fe Barkod Etiketler - Uygun Fiyat - H\\u0131zl\\u0131 Teslimat\",\"isPartOf\":{\"@id\":\"http:\/\/www.creabarkod.com\/#website\"},\"primaryImageOfPage\":{\"@id\":\"http:\/\/www.creabarkod.com\/?page_id=59#primaryimage\"},\"datePublished\":\"2019-02-11T11:28:28+00:00\",\"dateModified\":\"2019-02-11T18:46:28+00:00\",\"description\":\"Ku\\u015fe etiket, \\u00fcst taraf\\u0131 yar\\u0131 parlak ve p\\u00fcr\\u00fczs\\u00fczd\\u00fcr Is\\u0131ya, neme ve s\\u00fcrt\\u00fcnmeye kar\\u015f\\u0131 dayan\\u0131kl\\u0131d\\u0131r. Bilgiler uzun y\\u0131llar etiket \\u00fczerinde kal\\u0131c\\u0131d\\u0131r.\",\"inLanguage\":\"tr\",\"potentialAction\":[{\"@type\":\"ReadAction\",\"target\":[\"http:\/\/www.creabarkod.com\/?page_id=59\"]}]}]}<\/script>\n<!-- \/ Yoast SEO plugin. -->","_links":{"self":[{"href":"http:\/\/www.creabarkod.com\/index.php?rest_route=\/wp\/v2\/pages\/59"}],"collection":[{"href":"http:\/\/www.creabarkod.com\/index.php?rest_route=\/wp\/v2\/pages"}],"about":[{"href":"http:\/\/www.creabarkod.com\/index.php?rest_route=\/wp\/v2\/types\/page"}],"author":[{"embeddable":true,"href":"http:\/\/www.creabarkod.com\/index.php?rest_route=\/wp\/v2\/users\/1"}],"replies":[{"embeddable":true,"href":"http:\/\/www.creabarkod.com\/index.php?rest_route=%2Fwp%2Fv2%2Fcomments&post=59"}],"version-history":[{"count":14,"href":"http:\/\/www.creabarkod.com\/index.php?rest_route=\/wp\/v2\/pages\/59\/revisions"}],"predecessor-version":[{"id":166,"href":"http:\/\/www.creabarkod.com\/index.php?rest_route=\/wp\/v2\/pages\/59\/revisions\/166"}],"up":[{"embeddable":true,"href":"http:\/\/www.creabarkod.com\/index.php?rest_route=\/wp\/v2\/pages\/8"}],"wp:featuredmedia":[{"embeddable":true,"href":"http:\/\/www.creabarkod.com\/index.php?rest_route=\/wp\/v2\/media\/46"}],"wp:attachment":[{"href":"http:\/\/www.creabarkod.com\/index.php?rest_route=%2Fwp%2Fv2%2Fmedia&parent=59"}],"curies":[{"name":"wp","href":"https:\/\/api.w.org\/{rel}","templated":true}]}}