{"id":431,"date":"2019-06-17T13:27:07","date_gmt":"2019-06-17T13:27:07","guid":{"rendered":"http:\/\/www.creabarkod.com\/?page_id=431"},"modified":"2019-06-17T13:35:39","modified_gmt":"2019-06-17T13:35:39","slug":"argox-ix4-250-barkod-yazici","status":"publish","type":"page","link":"http:\/\/www.creabarkod.com\/?page_id=431","title":{"rendered":"Argox IX4-250 Barkod Yaz\u0131c\u0131"},"content":{"rendered":"\n<ul class=\"wp-block-gallery columns-3 is-cropped\"><li class=\"blocks-gallery-item\"><figure><a href=\"http:\/\/www.creabarkod.com\/wp-content\/uploads\/2019\/06\/Argox-IX4-250-End\u00fcstriyel-Barkod-Yaz\u0131c\u0131-1.jpg\"><img loading=\"lazy\" width=\"500\" height=\"500\" src=\"http:\/\/www.creabarkod.com\/wp-content\/uploads\/2019\/06\/Argox-IX4-250-End\u00fcstriyel-Barkod-Yaz\u0131c\u0131-1.jpg\" alt=\"Argox IX4-250 End\u00fcstriyel Barkod Yaz\u0131c\u0131\" data-id=\"447\" data-link=\"http:\/\/www.creabarkod.com\/?attachment_id=447\" class=\"wp-image-447\" srcset=\"http:\/\/www.creabarkod.com\/wp-content\/uploads\/2019\/06\/Argox-IX4-250-End\u00fcstriyel-Barkod-Yaz\u0131c\u0131-1.jpg 500w, http:\/\/www.creabarkod.com\/wp-content\/uploads\/2019\/06\/Argox-IX4-250-End\u00fcstriyel-Barkod-Yaz\u0131c\u0131-1-150x150.jpg 150w, http:\/\/www.creabarkod.com\/wp-content\/uploads\/2019\/06\/Argox-IX4-250-End\u00fcstriyel-Barkod-Yaz\u0131c\u0131-1-300x300.jpg 300w\" sizes=\"(max-width: 500px) 100vw, 500px\" \/><\/a><figcaption>Argox IX4-250 End\u00fcstriyel Barkod Yaz\u0131c\u0131<\/figcaption><\/figure><\/li><li class=\"blocks-gallery-item\"><figure><a href=\"http:\/\/www.creabarkod.com\/wp-content\/uploads\/2019\/06\/Argox-IX4-250-End\u00fcstriyel-Barkod-Yaz\u0131c\u0131-2-2.jpg\"><img loading=\"lazy\" width=\"500\" height=\"500\" src=\"http:\/\/www.creabarkod.com\/wp-content\/uploads\/2019\/06\/Argox-IX4-250-End\u00fcstriyel-Barkod-Yaz\u0131c\u0131-2-2.jpg\" alt=\"Argox IX4-250 End\u00fcstriyel Barkod Yaz\u0131c\u0131\" data-id=\"448\" data-link=\"http:\/\/www.creabarkod.com\/?attachment_id=448\" class=\"wp-image-448\" srcset=\"http:\/\/www.creabarkod.com\/wp-content\/uploads\/2019\/06\/Argox-IX4-250-End\u00fcstriyel-Barkod-Yaz\u0131c\u0131-2-2.jpg 500w, http:\/\/www.creabarkod.com\/wp-content\/uploads\/2019\/06\/Argox-IX4-250-End\u00fcstriyel-Barkod-Yaz\u0131c\u0131-2-2-150x150.jpg 150w, http:\/\/www.creabarkod.com\/wp-content\/uploads\/2019\/06\/Argox-IX4-250-End\u00fcstriyel-Barkod-Yaz\u0131c\u0131-2-2-300x300.jpg 300w\" sizes=\"(max-width: 500px) 100vw, 500px\" \/><\/a><figcaption>Argox IX4-250 End\u00fcstriyel Barkod Yaz\u0131c\u0131<\/figcaption><\/figure><\/li><li class=\"blocks-gallery-item\"><figure><a href=\"http:\/\/www.creabarkod.com\/wp-content\/uploads\/2019\/06\/Argox-IX4-250-End\u00fcstriyel-Barkod-Yaz\u0131c\u0131-3.jpg\"><img loading=\"lazy\" width=\"500\" height=\"500\" src=\"http:\/\/www.creabarkod.com\/wp-content\/uploads\/2019\/06\/Argox-IX4-250-End\u00fcstriyel-Barkod-Yaz\u0131c\u0131-3.jpg\" alt=\"Argox IX4-250 End\u00fcstriyel Barkod Yaz\u0131c\u0131\" data-id=\"449\" data-link=\"http:\/\/www.creabarkod.com\/?attachment_id=449\" class=\"wp-image-449\" srcset=\"http:\/\/www.creabarkod.com\/wp-content\/uploads\/2019\/06\/Argox-IX4-250-End\u00fcstriyel-Barkod-Yaz\u0131c\u0131-3.jpg 500w, http:\/\/www.creabarkod.com\/wp-content\/uploads\/2019\/06\/Argox-IX4-250-End\u00fcstriyel-Barkod-Yaz\u0131c\u0131-3-150x150.jpg 150w, http:\/\/www.creabarkod.com\/wp-content\/uploads\/2019\/06\/Argox-IX4-250-End\u00fcstriyel-Barkod-Yaz\u0131c\u0131-3-300x300.jpg 300w\" sizes=\"(max-width: 500px) 100vw, 500px\" \/><\/a><figcaption>Argox IX4-250 End\u00fcstriyel Barkod Yaz\u0131c\u0131<\/figcaption><\/figure><\/li><\/ul>\n\n\n\n<p>\u25cf 203 DPI Bask\u0131 \u00c7\u00f6z\u00fcn\u00fcrl\u00fc\u011f\u00fc<br>\u25cf Direk Termal \/ Termal Transfer Bask\u0131<br>\u25cf Max. 108 mm Bask\u0131 Geni\u015fli\u011fi<br>\u25cf Max. 2540 mm Bask\u0131 Uzunlu\u011fu<br>\u25cf Max. 203 mm \/ Saniye Bask\u0131 H\u0131z\u0131<br>\u25cf 32 MB SDRAM, 16 MB Flash Bellek<br>\u25cf LCD Ekran<br>\u25cf Dahili Ger\u00e7ek Zaman Saati<br>\u25cf Ethernet, RS-232C, USB ve \u00c7ift USB Host Port<br>\u25cf PPLA, PPLB ve PPLZ Barkod Yaz\u0131m Dili Deste\u011fi<br>\u25cf Windows ve Linux Driver Deste\u011fi <\/p>\n\n\n\n<table class=\"wp-block-table\"><tbody><tr><td><strong>\u0130\u015flemsel<\/strong><\/td><\/tr><tr><td>&nbsp;Bask\u0131 metodu<\/td><td>Direkt Termal \/ Termal Transfer Bask\u0131<\/td><\/tr><tr><td>&nbsp;Bask\u0131 \u00c7\u00f6z\u00fcn\u00fcrl\u00fc\u011f\u00fc<\/td><td>203 DPI (8 dots\/mm)<\/td><\/tr><tr><td>&nbsp;Bask\u0131 h\u0131z\u0131 (Maksimum)<\/td><td>203 mm\/saniye<\/td><\/tr><tr><td>&nbsp;Bask\u0131 uzunlu\u011fu<\/td><td>5 mm ~ 2.540 mm<\/td><\/tr><tr><td>&nbsp;Bask\u0131 geni\u015fli\u011fi<\/td><td>25,4 mm ~ 108 mm<\/td><\/tr><tr><td>&nbsp;Haf\u0131za<\/td><td>32 MB SDRAM, 16 MB Flash ROM<\/td><\/tr><tr><td>&nbsp;\u0130\u015flemci<\/td><td>32 bit RISC i\u015flemci<\/td><\/tr><tr><td>&nbsp;\u0130\u015flem arabirimleri<\/td><td>3 adet d\u00fc\u011fme, 3 adet LED, Arka Ayd\u0131nlatmal\u0131 LCD Ekran (16&#215;2 sat\u0131r) ve Ger\u00e7ek Zaman Saati, Opsiyonel (Buzzer)<\/td><\/tr><tr><td>&nbsp;Haberle\u015fme<\/td><td>Standart: Ethernet, \u00c7ift USB Host, USB ve RS-232C<\/td><\/tr><tr><td>Opsiyenel: Wifi (IEEE 802.11 b\/g\/n), GPIO, LPT ve Buzzer<\/td><\/tr><tr><td>&nbsp;Sens\u00f6rler<\/td><td>Yans\u0131tmal\u0131 veya birbirini g\u00f6rmeli (Hareketli) etiket sens\u00f6r\u00fc<\/td><\/tr><tr><td>Termal Kafa a\u00e7\u0131kl\u0131k kontrol sens\u00f6r\u00fc<\/td><\/tr><tr><td>Ribon sonu sens\u00f6r\u00fc<\/td><\/tr><tr><td>&nbsp;Sertifikalar<\/td><td>CB, CE, FCC, cTUVus, ICES, Energy Star<\/td><\/tr><tr><td><strong>&nbsp;Fiziksel<\/strong><\/td><\/tr><tr><td>&nbsp;Geni\u015flik<\/td><td>250 mm<\/td><\/tr><tr><td>&nbsp;Y\u00fckseklik<\/td><td>263 mm<\/td><\/tr><tr><td>&nbsp;Uzunluk<\/td><td>418 mm<\/td><\/tr><tr><td>&nbsp;A\u011f\u0131rl\u0131k<\/td><td>13 kg<\/td><\/tr><tr><td>&nbsp;Kasa<\/td><td>Metal<\/td><\/tr><tr><td><strong>&nbsp;Elektriksel<\/strong><\/td><\/tr><tr><td>&nbsp;G\u00fc\u00e7 giri\u015f \u015fekli<\/td><td>Elektrik kablosu<\/td><\/tr><tr><td>&nbsp;G\u00fc\u00e7 kayna\u011f\u0131 (Giri\u015f)<\/td><td>100 ~ 240 VAC, 5A, 50\/60 HZ<\/td><\/tr><tr><td><strong>&nbsp;\u00c7evresel<\/strong><\/td><\/tr><tr><td>&nbsp;\u00c7al\u0131\u015fma ortam\u0131 s\u0131cakl\u0131\u011f\u0131<\/td><td>4 \u00b0C ~ 38 \u00b0C<\/td><\/tr><tr><td>&nbsp;Saklama s\u0131cakl\u0131\u011f\u0131<\/td><td>-20 \u00b0C ~ 50 \u00b0C<\/td><\/tr><tr><td>&nbsp;Nem oran\u0131<\/td><td>%10 ~ %90 (Yo\u011fu\u015fmas\u0131z)<\/td><\/tr><tr><td><strong>&nbsp;Etiket<\/strong><\/td><\/tr><tr><td>&nbsp;Tip<\/td><td>Ara&nbsp;Bo\u015fluklu, S\u00fcrekli&nbsp;Form,&nbsp;Black&nbsp;Mark (Siyah&nbsp;\u00c7izgi&nbsp;\u0130le&nbsp;Ayr\u0131lm\u0131\u015f)<\/td><\/tr><tr><td>&nbsp;Geni\u015flik<\/td><td>25,4 mm ~ 114 mm<\/td><\/tr><tr><td>&nbsp;Kal\u0131nl\u0131k<\/td><td>0.0635 ~ 0.254 mm<\/td><\/tr><tr><td>&nbsp;Kuka i\u00e7 \u00e7ap\u0131<\/td><td>38 ~ 76 mm<\/td><\/tr><tr><td>&nbsp;Etiket d\u0131\u015f \u00e7ap\u0131<\/td><td>Max. 177,8 mm (38 mm i\u00e7 \u00e7apta)<\/td><\/tr><tr><td>Max. 210 mm (76 mm i\u00e7 \u00e7apta)<\/td><\/tr><tr><td><strong>&nbsp;Ribon<\/strong><\/td><\/tr><tr><td>&nbsp;Tip<\/td><td>Wax , Wax\/Resin, Resin<\/td><\/tr><tr><td>&nbsp;Sar\u0131m y\u00f6n\u00fc<\/td><td>\u0130\u00e7 veya D\u0131\u015f sar\u0131m (Otomatik Tan\u0131ma)<\/td><\/tr><tr><td>&nbsp;Uzunluk<\/td><td>450 metre (En fazla)<\/td><\/tr><tr><td>&nbsp;Geni\u015flik<\/td><td>25,4 mm ~ 112 mm<\/td><\/tr><tr><td>&nbsp;Kuka i\u00e7 \u00e7ap\u0131<\/td><td>25,4 mm<\/td><\/tr><tr><td>&nbsp;Ribon d\u0131\u015f \u00e7ap\u0131<\/td><td>81,3 mm<\/td><\/tr><tr><td><strong>&nbsp;Yaz\u0131l\u0131msal<\/strong><\/td><\/tr><tr><td>&nbsp;Windows s\u00fcr\u00fcc\u00fcleri<\/td><td>Win XP \/ Vista \/ 7 \/ 8 \/ 8.1 \/ Win 10, Windows Server 2003 \/ 2008 \/ 2012 (32 Bit &amp; 64 Bit)<\/td><\/tr><tr><td>&nbsp;Linux s\u00fcr\u00fcc\u00fcleri<\/td><td>Destekleniyor<\/td><\/tr><tr><td>&nbsp;Etiket dizayn program\u0131<\/td><td>Bartender UltraLite (\u00dccretsiz)<\/td><\/tr><tr><td>&nbsp;Yard\u0131mc\u0131 programlar<\/td><td>Printer Utility ve Font Utility<\/td><\/tr><tr><td>&nbsp;Desteklenen&nbsp;barkod yaz\u0131m dilleri<\/td><td>PPLA, PPLB ve PPLZ<\/td><\/tr><tr><td>&nbsp;Desteklenen grafik bi\u00e7imleri<\/td><td><strong>PPLA:&nbsp;<\/strong>PCX, BMP, IMG, HEX ve GDI formatlar\u0131<br><strong>PPLB:&nbsp;<\/strong>PCX, BMP, Binary raster ve GDI formatlar\u0131<br><strong>PPLZ:&nbsp;<\/strong>GRF, Hex ve GDI formatlar\u0131<\/td><\/tr><tr><td><strong>&nbsp;Desteklenen Barkod Tipleri<\/strong><\/td><\/tr><tr><td>&nbsp;1D<\/td><td>UPC-A, UPC-E, JAN\/EAN, CODE39, CODE93, CODE128, GS1-128 (UCC\/EAN128), CODABAR (NW-7), ITF, Industrial 2of5, MSI, UPCadd-on code, POSTNET, GS1 DataBar Omnidirectional, GS1 DataBar Truncated, GS1 DataBar Stacked, GS1 DataBar Stacked Omnidirectional, GS1DataBar Limited, GS1 DataBar Expanded, GS1DataBar Expanded Stacked<\/td><\/tr><tr><td>&nbsp;2D<\/td><td>QR Code, PDF417 (includingMicroPDF), DataMatrix (ECC200), GS1 DataMatrix, MaxiCode<\/td><\/tr><\/tbody><\/table>\n","protected":false},"excerpt":{"rendered":"<p>\u25cf 203 DPI Bask\u0131 \u00c7\u00f6z\u00fcn\u00fcrl\u00fc\u011f\u00fc\u25cf Direk Termal \/ Termal Transfer Bask\u0131\u25cf Max. 108 mm Bask\u0131 Geni\u015fli\u011fi\u25cf Max. 2540 mm Bask\u0131 Uzunlu\u011fu\u25cf Max. 203 mm \/ Saniye Bask\u0131 H\u0131z\u0131\u25cf 32 MB SDRAM, 16 MB Flash Bellek\u25cf LCD Ekran\u25cf Dahili Ger\u00e7ek Zaman Saati\u25cf Ethernet, RS-232C, USB ve \u00c7ift USB Host Port\u25cf PPLA, PPLB ve PPLZ Barkod Yaz\u0131m [&hellip;]<\/p>\n","protected":false},"author":1,"featured_media":0,"parent":310,"menu_order":0,"comment_status":"closed","ping_status":"closed","template":"","meta":[],"yoast_head":"<!-- This site is optimized with the Yoast SEO plugin v15.7 - https:\/\/yoast.com\/wordpress\/plugins\/seo\/ -->\n<title>Argox IX4-250 Barkod Yaz\u0131c\u0131 - Crea Barkod<\/title>\n<meta name=\"robots\" content=\"index, follow, max-snippet:-1, max-image-preview:large, max-video-preview:-1\" \/>\n<link rel=\"canonical\" href=\"http:\/\/www.creabarkod.com\/?page_id=431\" \/>\n<meta property=\"og:locale\" content=\"tr_TR\" \/>\n<meta property=\"og:type\" content=\"article\" \/>\n<meta property=\"og:title\" content=\"Argox IX4-250 Barkod Yaz\u0131c\u0131 - Crea Barkod\" \/>\n<meta property=\"og:description\" content=\"\u25cf 203 DPI Bask\u0131 \u00c7\u00f6z\u00fcn\u00fcrl\u00fc\u011f\u00fc\u25cf Direk Termal \/ Termal Transfer Bask\u0131\u25cf Max. 108 mm Bask\u0131 Geni\u015fli\u011fi\u25cf Max. 2540 mm Bask\u0131 Uzunlu\u011fu\u25cf Max. 203 mm \/ Saniye Bask\u0131 H\u0131z\u0131\u25cf 32 MB SDRAM, 16 MB Flash Bellek\u25cf LCD Ekran\u25cf Dahili Ger\u00e7ek Zaman Saati\u25cf Ethernet, RS-232C, USB ve \u00c7ift USB Host Port\u25cf PPLA, PPLB ve PPLZ Barkod Yaz\u0131m [&hellip;]\" \/>\n<meta property=\"og:url\" content=\"http:\/\/www.creabarkod.com\/?page_id=431\" \/>\n<meta property=\"og:site_name\" content=\"Crea Barkod\" \/>\n<meta property=\"article:modified_time\" content=\"2019-06-17T13:35:39+00:00\" \/>\n<meta property=\"og:image\" content=\"http:\/\/www.creabarkod.com\/wp-content\/uploads\/2019\/06\/Argox-IX4-250-End\u00fcstriyel-Barkod-Yaz\u0131c\u0131-1.jpg\" \/>\n<meta name=\"twitter:card\" content=\"summary_large_image\" \/>\n<meta name=\"twitter:label1\" content=\"Tahmini okuma s\u00fcresi\">\n\t<meta name=\"twitter:data1\" content=\"2 dakika\">\n<script type=\"application\/ld+json\" class=\"yoast-schema-graph\">{\"@context\":\"https:\/\/schema.org\",\"@graph\":[{\"@type\":\"WebSite\",\"@id\":\"http:\/\/www.creabarkod.com\/#website\",\"url\":\"http:\/\/www.creabarkod.com\/\",\"name\":\"Crea Barkod\",\"description\":\"\",\"potentialAction\":[{\"@type\":\"SearchAction\",\"target\":\"http:\/\/www.creabarkod.com\/?s={search_term_string}\",\"query-input\":\"required name=search_term_string\"}],\"inLanguage\":\"tr\"},{\"@type\":\"ImageObject\",\"@id\":\"http:\/\/www.creabarkod.com\/?page_id=431#primaryimage\",\"inLanguage\":\"tr\",\"url\":\"http:\/\/www.creabarkod.com\/wp-content\/uploads\/2019\/06\/Argox-IX4-250-End\\u00fcstriyel-Barkod-Yaz\\u0131c\\u0131-1.jpg\",\"width\":500,\"height\":500,\"caption\":\"Argox IX4-250 End\\u00fcstriyel Barkod Yaz\\u0131c\\u0131\"},{\"@type\":\"WebPage\",\"@id\":\"http:\/\/www.creabarkod.com\/?page_id=431#webpage\",\"url\":\"http:\/\/www.creabarkod.com\/?page_id=431\",\"name\":\"Argox IX4-250 Barkod Yaz\\u0131c\\u0131 - Crea Barkod\",\"isPartOf\":{\"@id\":\"http:\/\/www.creabarkod.com\/#website\"},\"primaryImageOfPage\":{\"@id\":\"http:\/\/www.creabarkod.com\/?page_id=431#primaryimage\"},\"datePublished\":\"2019-06-17T13:27:07+00:00\",\"dateModified\":\"2019-06-17T13:35:39+00:00\",\"inLanguage\":\"tr\",\"potentialAction\":[{\"@type\":\"ReadAction\",\"target\":[\"http:\/\/www.creabarkod.com\/?page_id=431\"]}]}]}<\/script>\n<!-- \/ Yoast SEO plugin. -->","_links":{"self":[{"href":"http:\/\/www.creabarkod.com\/index.php?rest_route=\/wp\/v2\/pages\/431"}],"collection":[{"href":"http:\/\/www.creabarkod.com\/index.php?rest_route=\/wp\/v2\/pages"}],"about":[{"href":"http:\/\/www.creabarkod.com\/index.php?rest_route=\/wp\/v2\/types\/page"}],"author":[{"embeddable":true,"href":"http:\/\/www.creabarkod.com\/index.php?rest_route=\/wp\/v2\/users\/1"}],"replies":[{"embeddable":true,"href":"http:\/\/www.creabarkod.com\/index.php?rest_route=%2Fwp%2Fv2%2Fcomments&post=431"}],"version-history":[{"count":2,"href":"http:\/\/www.creabarkod.com\/index.php?rest_route=\/wp\/v2\/pages\/431\/revisions"}],"predecessor-version":[{"id":450,"href":"http:\/\/www.creabarkod.com\/index.php?rest_route=\/wp\/v2\/pages\/431\/revisions\/450"}],"up":[{"embeddable":true,"href":"http:\/\/www.creabarkod.com\/index.php?rest_route=\/wp\/v2\/pages\/310"}],"wp:attachment":[{"href":"http:\/\/www.creabarkod.com\/index.php?rest_route=%2Fwp%2Fv2%2Fmedia&parent=431"}],"curies":[{"name":"wp","href":"https:\/\/api.w.org\/{rel}","templated":true}]}}