{"id":124,"date":"2019-02-11T18:13:32","date_gmt":"2019-02-11T18:13:32","guid":{"rendered":"http:\/\/www.creabarkod.com\/?page_id=124"},"modified":"2019-02-22T11:10:19","modified_gmt":"2019-02-22T11:10:19","slug":"zebra-orjinal-ribonlar","status":"publish","type":"page","link":"http:\/\/www.creabarkod.com\/?page_id=124","title":{"rendered":"Zebra Orjinal Ribonlar"},"content":{"rendered":"\n<div class=\"wp-block-image\"><figure class=\"aligncenter\"><img loading=\"lazy\" width=\"500\" height=\"500\" src=\"http:\/\/www.creabarkod.com\/wp-content\/uploads\/2019\/02\/Zebra_Orjinal_Ribon_.png\" alt=\"Zebra Orjinal Ribon\" class=\"wp-image-123\" srcset=\"http:\/\/www.creabarkod.com\/wp-content\/uploads\/2019\/02\/Zebra_Orjinal_Ribon_.png 500w, http:\/\/www.creabarkod.com\/wp-content\/uploads\/2019\/02\/Zebra_Orjinal_Ribon_-150x150.png 150w, http:\/\/www.creabarkod.com\/wp-content\/uploads\/2019\/02\/Zebra_Orjinal_Ribon_-300x300.png 300w\" sizes=\"(max-width: 500px) 100vw, 500px\" \/><\/figure><\/div>\n\n\n\n<p style=\"text-align:center\">L\u00fctfen Stok Sorunuz.<strong> T: <\/strong><a href=\"call:021255551165\">0212\u00a0555\u00a011\u00a065<\/a><strong>\u00a0E: <\/strong><a href=\"mailto:bilgi@creabarkod.com\">bilgi@creabarkod.com<\/a> <br><a href=\"https:\/\/wa.me\/+905362919091\">WHATSAPP<\/a> <\/p>\n\n\n\n<table class=\"wp-block-table is-style-regular\"><tbody><tr><td><strong>\u00dcR\u00dcN KODU<\/strong><\/td><td><strong>RENKL\u0130 R\u0130BONLAR<\/strong><\/td><td><strong>BASKI SAYISI<\/strong><\/td><td><strong>ZXP1<\/strong><\/td><td><strong>ZXP3<\/strong><\/td><td><strong>P110i<\/strong><\/td><td><strong>P120i<\/strong><\/td><td><strong>P330i<\/strong><\/td><td><strong>P430i<\/strong><\/td><td><strong>ZXP7<\/strong><\/td><td><strong>ZXP8<\/strong><\/td><\/tr><tr><td>800017-240<\/td><td>YMCKO<\/td><td>200<\/td><td>&nbsp;<\/td><td>&nbsp;<\/td><td>x<\/td><td>x<\/td><td>&nbsp;<\/td><td>&nbsp;<\/td><td>&nbsp;<\/td><td>&nbsp;<\/td><\/tr><tr><td>800011-140<\/td><td>YMCKO<\/td><td>100<\/td><td>x<\/td><td>&nbsp;<\/td><td>&nbsp;<\/td><td>&nbsp;<\/td><td>&nbsp;<\/td><td>&nbsp;<\/td><td>&nbsp;<\/td><td>&nbsp;<\/td><\/tr><tr><td>800033-840<\/td><td>YMCKO<\/td><td>200<\/td><td>&nbsp;<\/td><td>x<\/td><td>&nbsp;<\/td><td>&nbsp;<\/td><td>&nbsp;<\/td><td>&nbsp;<\/td><td>&nbsp;<\/td><td>&nbsp;<\/td><\/tr><tr><td>800033-340<\/td><td>YMCKO<\/td><td>280<\/td><td>&nbsp;<\/td><td>x<\/td><td>&nbsp;<\/td><td>&nbsp;<\/td><td>&nbsp;<\/td><td>&nbsp;<\/td><td>&nbsp;<\/td><td>&nbsp;<\/td><\/tr><tr><td>800015-440<\/td><td>YMCKO<\/td><td>200<\/td><td>&nbsp;<\/td><td>&nbsp;<\/td><td>&nbsp;<\/td><td>&nbsp;<\/td><td>x<\/td><td>x<\/td><td>&nbsp;<\/td><td>&nbsp;<\/td><\/tr><tr><td>800015-540<\/td><td>YMCKO<\/td><td>330<\/td><td>&nbsp;<\/td><td>&nbsp;<\/td><td>&nbsp;<\/td><td>&nbsp;<\/td><td>x<\/td><td>x<\/td><td>&nbsp;<\/td><td>&nbsp;<\/td><\/tr><tr><td>800077-740EM<\/td><td>YMCKO<\/td><td>250<\/td><td>&nbsp;<\/td><td>&nbsp;<\/td><td>&nbsp;<\/td><td>&nbsp;<\/td><td>&nbsp;<\/td><td>&nbsp;<\/td><td>x<\/td><td>&nbsp;<\/td><\/tr><tr><td>800077-742EM<\/td><td>YMCKO<\/td><td>750<\/td><td>&nbsp;<\/td><td>&nbsp;<\/td><td>&nbsp;<\/td><td>&nbsp;<\/td><td>&nbsp;<\/td><td>&nbsp;<\/td><td>x<\/td><td>&nbsp;<\/td><\/tr><tr><td>800012-445<\/td><td>YMCK<\/td><td>625<\/td><td>&nbsp;<\/td><td>&nbsp;<\/td><td>&nbsp;<\/td><td>&nbsp;<\/td><td>&nbsp;<\/td><td>&nbsp;<\/td><td>&nbsp;<\/td><td>x<\/td><\/tr><tr><td>800011-147<\/td><td>YMCK0 \u00bd&nbsp; PANEL<\/td><td>400<\/td><td>x<\/td><td>&nbsp;<\/td><td>&nbsp;<\/td><td>&nbsp;<\/td><td>&nbsp;<\/td><td>&nbsp;<\/td><td>&nbsp;<\/td><td>&nbsp;<\/td><\/tr><tr><td>800033-347<\/td><td>YMCK0 \u00bd&nbsp; PANEL<\/td><td>400<\/td><td>&nbsp;<\/td><td>x<\/td><td>&nbsp;<\/td><td>&nbsp;<\/td><td>&nbsp;<\/td><td>&nbsp;<\/td><td>&nbsp;<\/td><td>&nbsp;<\/td><\/tr><tr><td>800015-547<\/td><td>YMCK0 \u00bd&nbsp; PANEL<\/td><td>450<\/td><td>&nbsp;<\/td><td>&nbsp;<\/td><td>&nbsp;<\/td><td>&nbsp;<\/td><td>x<\/td><td>x<\/td><td>&nbsp;<\/td><td>&nbsp;<\/td><\/tr><tr><td>800017-248<\/td><td>YMCKO-K<\/td><td>165<\/td><td>&nbsp;<\/td><td>&nbsp;<\/td><td>x<\/td><td>x<\/td><td>&nbsp;<\/td><td>&nbsp;<\/td><td>&nbsp;<\/td><td>&nbsp;<\/td><\/tr><tr><td>800033-348<\/td><td>YMCKO-K<\/td><td>400<\/td><td>&nbsp;<\/td><td>x<\/td><td>&nbsp;<\/td><td>&nbsp;<\/td><td>&nbsp;<\/td><td>&nbsp;<\/td><td>&nbsp;<\/td><td>&nbsp;<\/td><\/tr><tr><td>800033-848<\/td><td>YMCKO-K<\/td><td>165<\/td><td>&nbsp;<\/td><td>x<\/td><td>&nbsp;<\/td><td>&nbsp;<\/td><td>&nbsp;<\/td><td>&nbsp;<\/td><td>&nbsp;<\/td><td>&nbsp;<\/td><\/tr><tr><td>800015-448<\/td><td>YMCKO-K<\/td><td>170<\/td><td>&nbsp;<\/td><td>&nbsp;<\/td><td>&nbsp;<\/td><td>&nbsp;<\/td><td>&nbsp;<\/td><td>x<\/td><td>&nbsp;<\/td><td>&nbsp;<\/td><\/tr><tr><td>800077-748EM<\/td><td>YMCKO-K<\/td><td>250<\/td><td>&nbsp;<\/td><td>&nbsp;<\/td><td>&nbsp;<\/td><td>&nbsp;<\/td><td>&nbsp;<\/td><td>&nbsp;<\/td><td>x<\/td><td>&nbsp;<\/td><\/tr><tr><td>800077-749EM<\/td><td>YMCKO-K<\/td><td>750<\/td><td>&nbsp;<\/td><td>&nbsp;<\/td><td>&nbsp;<\/td><td>&nbsp;<\/td><td>&nbsp;<\/td><td>&nbsp;<\/td><td>x<\/td><td>&nbsp;<\/td><\/tr><tr><td>800012-480<\/td><td>YMCKK<\/td><td>500<\/td><td>&nbsp;<\/td><td>&nbsp;<\/td><td>&nbsp;<\/td><td>&nbsp;<\/td><td>&nbsp;<\/td><td>&nbsp;<\/td><td>&nbsp;<\/td><td>x<\/td><\/tr><tr><td><strong>TRANSFER F\u0130LM VE   LAM\u0130NASYON R\u0130BONLARI<\/strong><\/td><\/tr><tr><td>800012-601<\/td><td>TRANSFER F\u0130LM<\/td><td>1250<\/td><td>&nbsp;<\/td><td>&nbsp;<\/td><td>&nbsp;<\/td><td>&nbsp;<\/td><td>&nbsp;<\/td><td>&nbsp;<\/td><td>&nbsp;<\/td><td>x<\/td><\/tr><tr><td>800084\u00ad914<\/td><td>1,00M\u0130L \u00dcST LAM\u0130NASYON<\/td><td>625<\/td><td>&nbsp;<\/td><td>&nbsp;<\/td><td>&nbsp;<\/td><td>&nbsp;<\/td><td>&nbsp;<\/td><td>&nbsp;<\/td><td>&nbsp;<\/td><td>x<\/td><\/tr><tr><td>800084\u00ad918<\/td><td>1,00M\u0130L ALT LAM\u0130NASYON<\/td><td>625<\/td><td>&nbsp;<\/td><td>&nbsp;<\/td><td>&nbsp;<\/td><td>&nbsp;<\/td><td>&nbsp;<\/td><td>&nbsp;<\/td><td>&nbsp;<\/td><td>x<\/td><\/tr><tr><td>800082\u00ad009<\/td><td>\u00dcST HOLOGRAMLI<\/td><td>625<\/td><td>&nbsp;<\/td><td>&nbsp;<\/td><td>&nbsp;<\/td><td>&nbsp;<\/td><td>&nbsp;<\/td><td>&nbsp;<\/td><td>&nbsp;<\/td><td>x<\/td><\/tr><tr><td>800082\u00ad012<\/td><td>ALT HOLOGRAMLI<\/td><td>625<\/td><td>&nbsp;<\/td><td>&nbsp;<\/td><td>&nbsp;<\/td><td>&nbsp;<\/td><td>&nbsp;<\/td><td>&nbsp;<\/td><td>&nbsp;<\/td><td>x<\/td><\/tr><tr><td><strong>TEK RENK R\u0130BONLAR<\/strong><\/td><\/tr><tr><td>800017-201<\/td><td>K BLACK (Siyah)<\/td><td>1000<\/td><td>&nbsp;<\/td><td>&nbsp;<\/td><td>x<\/td><td>x<\/td><td>&nbsp;<\/td><td>&nbsp;<\/td><td>&nbsp;<\/td><td>&nbsp;<\/td><\/tr><tr><td>800011-101<\/td><td>K BLACK (Siyah)<\/td><td>1000<\/td><td>x<\/td><td>&nbsp;<\/td><td>&nbsp;<\/td><td>&nbsp;<\/td><td>&nbsp;<\/td><td>&nbsp;<\/td><td>&nbsp;<\/td><td>&nbsp;<\/td><\/tr><tr><td>800033-301<\/td><td>K BLACK (Siyah)<\/td><td>2000<\/td><td>&nbsp;<\/td><td>x<\/td><td>&nbsp;<\/td><td>&nbsp;<\/td><td>&nbsp;<\/td><td>&nbsp;<\/td><td>&nbsp;<\/td><td>&nbsp;<\/td><\/tr><tr><td>800033-801<\/td><td>K BLACK (Siyah)<\/td><td>1000<\/td><td>&nbsp;<\/td><td>x<\/td><td>&nbsp;<\/td><td>&nbsp;<\/td><td>&nbsp;<\/td><td>&nbsp;<\/td><td>&nbsp;<\/td><td>&nbsp;<\/td><\/tr><tr><td>800015-101<\/td><td>K BLACK (Siyah)<\/td><td>1000<\/td><td>&nbsp;<\/td><td>&nbsp;<\/td><td>&nbsp;<\/td><td>&nbsp;<\/td><td>x<\/td><td>x<\/td><td>&nbsp;<\/td><td>&nbsp;<\/td><\/tr><tr><td>800077-701<\/td><td>K BLACK (Siyah)<\/td><td>2500<\/td><td>&nbsp;<\/td><td>&nbsp;<\/td><td>&nbsp;<\/td><td>&nbsp;<\/td><td>&nbsp;<\/td><td>&nbsp;<\/td><td>x<\/td><td>&nbsp;<\/td><\/tr><tr><td>800077-711EM<\/td><td>K BLACK (Siyah)<\/td><td>5000<\/td><td>&nbsp;<\/td><td>&nbsp;<\/td><td>&nbsp;<\/td><td>&nbsp;<\/td><td>&nbsp;<\/td><td>&nbsp;<\/td><td>x<\/td><td>&nbsp;<\/td><\/tr><tr><td>800012-901<\/td><td>K BLACK (Siyah)<\/td><td>2500<\/td><td>&nbsp;<\/td><td>&nbsp;<\/td><td>&nbsp;<\/td><td>&nbsp;<\/td><td>&nbsp;<\/td><td>&nbsp;<\/td><td>&nbsp;<\/td><td>x<\/td><\/tr><tr><td>800033-350<\/td><td>KdO BLACK (Siyah Overlay)<\/td><td>700<\/td><td>&nbsp;<\/td><td>x<\/td><td>&nbsp;<\/td><td>&nbsp;<\/td><td>&nbsp;<\/td><td>&nbsp;<\/td><td>&nbsp;<\/td><td>&nbsp;<\/td><\/tr><tr><td>800033-360<\/td><td>KrO BLACK (Siyah Overlay)<\/td><td>700<\/td><td>&nbsp;<\/td><td>x<\/td><td>&nbsp;<\/td><td>&nbsp;<\/td><td>&nbsp;<\/td><td>&nbsp;<\/td><td>&nbsp;<\/td><td>&nbsp;<\/td><\/tr><tr><td>800011-109<\/td><td>WHITE (Beyaz)<\/td><td>500<\/td><td>x<\/td><td>&nbsp;<\/td><td>&nbsp;<\/td><td>&nbsp;<\/td><td>&nbsp;<\/td><td>&nbsp;<\/td><td>&nbsp;<\/td><td>&nbsp;<\/td><\/tr><tr><td>800033-309<\/td><td>WHITE (Beyaz)<\/td><td>1400<\/td><td>&nbsp;<\/td><td>x<\/td><td>&nbsp;<\/td><td>&nbsp;<\/td><td>&nbsp;<\/td><td>&nbsp;<\/td><td>&nbsp;<\/td><td>&nbsp;<\/td><\/tr><tr><td>800033-809<\/td><td>WHITE (Beyaz)<\/td><td>1000<\/td><td>&nbsp;<\/td><td>x<\/td><td>&nbsp;<\/td><td>&nbsp;<\/td><td>&nbsp;<\/td><td>&nbsp;<\/td><td>&nbsp;<\/td><td>&nbsp;<\/td><\/tr><tr><td>800015-109<\/td><td>WHITE (Beyaz)<\/td><td>1000<\/td><td>&nbsp;<\/td><td>&nbsp;<\/td><td>&nbsp;<\/td><td>&nbsp;<\/td><td>x<\/td><td>x<\/td><td>&nbsp;<\/td><td>&nbsp;<\/td><\/tr><tr><td>800077-709EM<\/td><td>WHITE (Beyaz)<\/td><td>2500<\/td><td>&nbsp;<\/td><td>&nbsp;<\/td><td>&nbsp;<\/td><td>&nbsp;<\/td><td>&nbsp;<\/td><td>&nbsp;<\/td><td>x<\/td><td>&nbsp;<\/td><\/tr><tr><td>800033-806<\/td><td>GOLD (Alt\u0131n)<\/td><td>1000<\/td><td>&nbsp;<\/td><td>x<\/td><td>&nbsp;<\/td><td>&nbsp;<\/td><td>&nbsp;<\/td><td>&nbsp;<\/td><td>&nbsp;<\/td><td>&nbsp;<\/td><\/tr><tr><td>800033-306<\/td><td>GOLD (Alt\u0131n)<\/td><td>1600<\/td><td>&nbsp;<\/td><td>x<\/td><td>&nbsp;<\/td><td>&nbsp;<\/td><td>&nbsp;<\/td><td>&nbsp;<\/td><td>&nbsp;<\/td><td>&nbsp;<\/td><\/tr><tr><td>800015-106<\/td><td>GOLD (Alt\u0131n)<\/td><td>1000<\/td><td>&nbsp;<\/td><td>&nbsp;<\/td><td>&nbsp;<\/td><td>&nbsp;<\/td><td>x<\/td><td>x<\/td><td>&nbsp;<\/td><td>&nbsp;<\/td><\/tr><tr><td>800033-807<\/td><td>SILVER (G\u00fcm\u00fc\u015f)<\/td><td>1000<\/td><td>&nbsp;<\/td><td>x<\/td><td>&nbsp;<\/td><td>&nbsp;<\/td><td>&nbsp;<\/td><td>&nbsp;<\/td><td>&nbsp;<\/td><td>&nbsp;<\/td><\/tr><tr><td>800033-307<\/td><td>SILVER (G\u00fcm\u00fc\u015f)<\/td><td>1600<\/td><td>&nbsp;<\/td><td>x<\/td><td>&nbsp;<\/td><td>&nbsp;<\/td><td>&nbsp;<\/td><td>&nbsp;<\/td><td>&nbsp;<\/td><td>&nbsp;<\/td><\/tr><tr><td>800015-107<\/td><td>SILVER (G\u00fcm\u00fc\u015f)<\/td><td>1000<\/td><td>&nbsp;<\/td><td>&nbsp;<\/td><td>&nbsp;<\/td><td>&nbsp;<\/td><td>x<\/td><td>x<\/td><td>&nbsp;<\/td><td>&nbsp;<\/td><\/tr><tr><td>800033-304<\/td><td>BLUE (Mavi)<\/td><td>1700<\/td><td>&nbsp;<\/td><td>x<\/td><td>&nbsp;<\/td><td>&nbsp;<\/td><td>&nbsp;<\/td><td>&nbsp;<\/td><td>&nbsp;<\/td><td>&nbsp;<\/td><\/tr><tr><td>800033-804<\/td><td>BLUE (Mavi)<\/td><td>1000<\/td><td>&nbsp;<\/td><td>x<\/td><td>&nbsp;<\/td><td>&nbsp;<\/td><td>&nbsp;<\/td><td>&nbsp;<\/td><td>&nbsp;<\/td><td>&nbsp;<\/td><\/tr><tr><td>800015-104<\/td><td>BLUE (Mavi)<\/td><td>1000<\/td><td>&nbsp;<\/td><td>&nbsp;<\/td><td>&nbsp;<\/td><td>&nbsp;<\/td><td>x<\/td><td>x<\/td><td>&nbsp;<\/td><td>&nbsp;<\/td><\/tr><tr><td>800033-302<\/td><td>RED (K\u0131rm\u0131z\u0131)<\/td><td>1700<\/td><td>&nbsp;<\/td><td>x<\/td><td>&nbsp;<\/td><td>&nbsp;<\/td><td>&nbsp;<\/td><td>&nbsp;<\/td><td>&nbsp;<\/td><td>&nbsp;<\/td><\/tr><tr><td>800033-802<\/td><td>RED (K\u0131rm\u0131z\u0131)<\/td><td>1000<\/td><td>&nbsp;<\/td><td>x<\/td><td>&nbsp;<\/td><td>&nbsp;<\/td><td>&nbsp;<\/td><td>&nbsp;<\/td><td>&nbsp;<\/td><td>&nbsp;<\/td><\/tr><tr><td>800015-102<\/td><td>RED (K\u0131rm\u0131z\u0131)<\/td><td>1000<\/td><td>&nbsp;<\/td><td>&nbsp;<\/td><td>&nbsp;<\/td><td>&nbsp;<\/td><td>x<\/td><td>x<\/td><td>&nbsp;<\/td><td>&nbsp;<\/td><\/tr><tr><td><strong>TEM\u0130ZLEME   K\u0130TLER\u0130<\/strong><\/td><\/tr><tr><td>105912\u00ad912<\/td><td>Temizleme Kiti<\/td><td>&nbsp;<\/td><td>&nbsp;<\/td><td>&nbsp;<\/td><td>x<\/td><td>x<\/td><td>&nbsp;<\/td><td>&nbsp;<\/td><td>&nbsp;<\/td><td>&nbsp;<\/td><\/tr><tr><td>105999-101<\/td><td>Temizleme Kiti<\/td><td>&nbsp;<\/td><td>x<\/td><td>&nbsp;<\/td><td>&nbsp;<\/td><td>&nbsp;<\/td><td>&nbsp;<\/td><td>&nbsp;<\/td><td>&nbsp;<\/td><td>&nbsp;<\/td><\/tr><tr><td>105999\u00ad301<\/td><td>Temizleme Kiti<\/td><td>&nbsp;<\/td><td>&nbsp;<\/td><td>x<\/td><td>&nbsp;<\/td><td>&nbsp;<\/td><td>&nbsp;<\/td><td>&nbsp;<\/td><td>&nbsp;<\/td><td>&nbsp;<\/td><\/tr><tr><td>105999\u00ad302<\/td><td>Temizleme Kiti<\/td><td>&nbsp;<\/td><td>&nbsp;<\/td><td>x<\/td><td>&nbsp;<\/td><td>&nbsp;<\/td><td>&nbsp;<\/td><td>&nbsp;<\/td><td>&nbsp;<\/td><td>&nbsp;<\/td><\/tr><tr><td>105912\u00ad913<\/td><td>Temizleme Kiti<\/td><td>&nbsp;<\/td><td>&nbsp;<\/td><td>&nbsp;<\/td><td>&nbsp;<\/td><td>&nbsp;<\/td><td>x<\/td><td>x<\/td><td>&nbsp;<\/td><td>&nbsp;<\/td><\/tr><tr><td>105999-701<\/td><td>Temizleme Kiti<\/td><td>&nbsp;<\/td><td>&nbsp;<\/td><td>&nbsp;<\/td><td>&nbsp;<\/td><td>&nbsp;<\/td><td>&nbsp;<\/td><td>&nbsp;<\/td><td>x<\/td><td>&nbsp;<\/td><\/tr><tr><td>105999-704<\/td><td>Temizleme&amp;Laminasyon Kit<\/td><td>&nbsp;<\/td><td>&nbsp;<\/td><td>&nbsp;<\/td><td>&nbsp;<\/td><td>&nbsp;<\/td><td>&nbsp;<\/td><td>&nbsp;<\/td><td>x<\/td><td>&nbsp;<\/td><\/tr><tr><td>105999-801<\/td><td>Temizleme Kiti<\/td><td>&nbsp;<\/td><td>&nbsp;<\/td><td>&nbsp;<\/td><td>&nbsp;<\/td><td>&nbsp;<\/td><td>&nbsp;<\/td><td>&nbsp;<\/td><td>&nbsp;<\/td><td>x<\/td><\/tr><tr><td>105999-804<\/td><td>Temizleme&amp;Laminasyon Kit<\/td><td>&nbsp;<\/td><td>&nbsp;<\/td><td>&nbsp;<\/td><td>&nbsp;<\/td><td>&nbsp;<\/td><td>&nbsp;<\/td><td>&nbsp;<\/td><td>&nbsp;<\/td><td>x<\/td><\/tr><\/tbody><\/table>\n","protected":false},"excerpt":{"rendered":"<p>L\u00fctfen Stok Sorunuz. T: 0212\u00a0555\u00a011\u00a065\u00a0E: bilgi@creabarkod.com WHATSAPP \u00dcR\u00dcN KODU RENKL\u0130 R\u0130BONLAR BASKI SAYISI ZXP1 ZXP3 P110i P120i P330i P430i ZXP7 ZXP8 800017-240 YMCKO 200 &nbsp; &nbsp; x x &nbsp; &nbsp; &nbsp; &nbsp; 800011-140 YMCKO 100 x &nbsp; &nbsp; &nbsp; &nbsp; &nbsp; &nbsp; &nbsp; 800033-840 YMCKO 200 &nbsp; x &nbsp; &nbsp; &nbsp; &nbsp; &nbsp; &nbsp; 800033-340 [&hellip;]<\/p>\n","protected":false},"author":1,"featured_media":0,"parent":9,"menu_order":0,"comment_status":"closed","ping_status":"closed","template":"","meta":[],"yoast_head":"<!-- This site is optimized with the Yoast SEO plugin v15.7 - https:\/\/yoast.com\/wordpress\/plugins\/seo\/ -->\n<title>Zebra Orjinal Ribonlar - Crea Barkod<\/title>\n<meta name=\"robots\" content=\"index, follow, max-snippet:-1, max-image-preview:large, max-video-preview:-1\" \/>\n<link rel=\"canonical\" href=\"http:\/\/www.creabarkod.com\/?page_id=124\" \/>\n<meta property=\"og:locale\" content=\"tr_TR\" \/>\n<meta property=\"og:type\" content=\"article\" \/>\n<meta property=\"og:title\" content=\"Zebra Orjinal Ribonlar - Crea Barkod\" \/>\n<meta property=\"og:description\" content=\"L\u00fctfen Stok Sorunuz. T: 0212\u00a0555\u00a011\u00a065\u00a0E: bilgi@creabarkod.com WHATSAPP \u00dcR\u00dcN KODU RENKL\u0130 R\u0130BONLAR BASKI SAYISI ZXP1 ZXP3 P110i P120i P330i P430i ZXP7 ZXP8 800017-240 YMCKO 200 &nbsp; &nbsp; x x &nbsp; &nbsp; &nbsp; &nbsp; 800011-140 YMCKO 100 x &nbsp; &nbsp; &nbsp; &nbsp; &nbsp; &nbsp; &nbsp; 800033-840 YMCKO 200 &nbsp; x &nbsp; &nbsp; &nbsp; &nbsp; &nbsp; &nbsp; 800033-340 [&hellip;]\" \/>\n<meta property=\"og:url\" content=\"http:\/\/www.creabarkod.com\/?page_id=124\" \/>\n<meta property=\"og:site_name\" content=\"Crea Barkod\" \/>\n<meta property=\"article:modified_time\" content=\"2019-02-22T11:10:19+00:00\" \/>\n<meta property=\"og:image\" content=\"http:\/\/www.creabarkod.com\/wp-content\/uploads\/2019\/02\/Zebra_Orjinal_Ribon_.png\" \/>\n<meta name=\"twitter:card\" content=\"summary_large_image\" \/>\n<meta name=\"twitter:label1\" content=\"Tahmini okuma s\u00fcresi\">\n\t<meta name=\"twitter:data1\" content=\"4 dakika\">\n<script type=\"application\/ld+json\" class=\"yoast-schema-graph\">{\"@context\":\"https:\/\/schema.org\",\"@graph\":[{\"@type\":\"WebSite\",\"@id\":\"http:\/\/www.creabarkod.com\/#website\",\"url\":\"http:\/\/www.creabarkod.com\/\",\"name\":\"Crea Barkod\",\"description\":\"\",\"potentialAction\":[{\"@type\":\"SearchAction\",\"target\":\"http:\/\/www.creabarkod.com\/?s={search_term_string}\",\"query-input\":\"required name=search_term_string\"}],\"inLanguage\":\"tr\"},{\"@type\":\"ImageObject\",\"@id\":\"http:\/\/www.creabarkod.com\/?page_id=124#primaryimage\",\"inLanguage\":\"tr\",\"url\":\"http:\/\/www.creabarkod.com\/wp-content\/uploads\/2019\/02\/Zebra_Orjinal_Ribon_.png\",\"width\":500,\"height\":500,\"caption\":\"Zebra Orjinal Ribon\"},{\"@type\":\"WebPage\",\"@id\":\"http:\/\/www.creabarkod.com\/?page_id=124#webpage\",\"url\":\"http:\/\/www.creabarkod.com\/?page_id=124\",\"name\":\"Zebra Orjinal Ribonlar - Crea Barkod\",\"isPartOf\":{\"@id\":\"http:\/\/www.creabarkod.com\/#website\"},\"primaryImageOfPage\":{\"@id\":\"http:\/\/www.creabarkod.com\/?page_id=124#primaryimage\"},\"datePublished\":\"2019-02-11T18:13:32+00:00\",\"dateModified\":\"2019-02-22T11:10:19+00:00\",\"inLanguage\":\"tr\",\"potentialAction\":[{\"@type\":\"ReadAction\",\"target\":[\"http:\/\/www.creabarkod.com\/?page_id=124\"]}]}]}<\/script>\n<!-- \/ Yoast SEO plugin. -->","_links":{"self":[{"href":"http:\/\/www.creabarkod.com\/index.php?rest_route=\/wp\/v2\/pages\/124"}],"collection":[{"href":"http:\/\/www.creabarkod.com\/index.php?rest_route=\/wp\/v2\/pages"}],"about":[{"href":"http:\/\/www.creabarkod.com\/index.php?rest_route=\/wp\/v2\/types\/page"}],"author":[{"embeddable":true,"href":"http:\/\/www.creabarkod.com\/index.php?rest_route=\/wp\/v2\/users\/1"}],"replies":[{"embeddable":true,"href":"http:\/\/www.creabarkod.com\/index.php?rest_route=%2Fwp%2Fv2%2Fcomments&post=124"}],"version-history":[{"count":11,"href":"http:\/\/www.creabarkod.com\/index.php?rest_route=\/wp\/v2\/pages\/124\/revisions"}],"predecessor-version":[{"id":224,"href":"http:\/\/www.creabarkod.com\/index.php?rest_route=\/wp\/v2\/pages\/124\/revisions\/224"}],"up":[{"embeddable":true,"href":"http:\/\/www.creabarkod.com\/index.php?rest_route=\/wp\/v2\/pages\/9"}],"wp:attachment":[{"href":"http:\/\/www.creabarkod.com\/index.php?rest_route=%2Fwp%2Fv2%2Fmedia&parent=124"}],"curies":[{"name":"wp","href":"https:\/\/api.w.org\/{rel}","templated":true}]}}