{"id":1140,"date":"2019-06-21T12:09:24","date_gmt":"2019-06-21T12:09:24","guid":{"rendered":"http:\/\/www.creabarkod.com\/?page_id=1140"},"modified":"2019-06-21T13:12:18","modified_gmt":"2019-06-21T13:12:18","slug":"datalogic-gryphon-gm4400-kablosuz-karekod-okuyucu","status":"publish","type":"page","link":"http:\/\/www.creabarkod.com\/?page_id=1140","title":{"rendered":"Datalogic Gryphon GM4400 Kablosuz Karekod Okuyucu"},"content":{"rendered":"\n<figure class=\"wp-block-image is-resized\"><a href=\"http:\/\/www.creabarkod.com\/wp-content\/uploads\/2019\/06\/Datalogic-Gryphon-GM4400-Kablosuz-Karekod-Okuyucu-1.jpg\"><img loading=\"lazy\" src=\"http:\/\/www.creabarkod.com\/wp-content\/uploads\/2019\/06\/Datalogic-Gryphon-GM4400-Kablosuz-Karekod-Okuyucu-1.jpg\" alt=\"Datalogic Gryphon GM4400 Kablosuz Karekod Okuyucu\" class=\"wp-image-1141\" width=\"250\" height=\"250\" srcset=\"http:\/\/www.creabarkod.com\/wp-content\/uploads\/2019\/06\/Datalogic-Gryphon-GM4400-Kablosuz-Karekod-Okuyucu-1.jpg 500w, http:\/\/www.creabarkod.com\/wp-content\/uploads\/2019\/06\/Datalogic-Gryphon-GM4400-Kablosuz-Karekod-Okuyucu-1-150x150.jpg 150w, http:\/\/www.creabarkod.com\/wp-content\/uploads\/2019\/06\/Datalogic-Gryphon-GM4400-Kablosuz-Karekod-Okuyucu-1-300x300.jpg 300w\" sizes=\"(max-width: 250px) 100vw, 250px\" \/><\/a><\/figure>\n\n\n\n<p>\u25cf 1D, 2D (Karekod), Postal ve Stacked kodlar\u0131 okuyabilme<br>\u25cf Wide VGA (752 x 480 Piksel) Tarama<br>\u25cf\u00a0Barkod okumay\u0131 kolayla\u015ft\u0131rmak i\u00e7in 4 noktal\u0131 odaklama \u0131\u015f\u0131\u011f\u0131<br>\u25cf\u00a0Barkod okumay\u0131 do\u011frulamak i\u00e7in\u00a0<strong>&#8220;Green Spot&#8221;\u00a0<\/strong>\u0131\u015f\u0131\u011f\u0131<br>\u25cf\u00a0Datalogic Star Sistem ile Kablosuz veri aktarma (Max. 30 metre)<br>\u25cf\u00a0Kapsama alan\u0131 d\u0131\u015f\u0131nda haf\u0131zaya alabilme \u00f6zelli\u011fi<br>\u25cf\u00a0\u00c7oklu arabirim se\u00e7enekleri<br>\u25cf IP52 Standartlar\u0131nda<br>\u25cf 1,8 metreden d\u00fc\u015fmeye dayan\u0131kl\u0131<br>\u25cf Tek Cradle \u00fcnitesine 16 cihaz ba\u011flayabilme <\/p>\n\n\n\n<table class=\"wp-block-table\"><tbody><tr><td><strong>\u00a0Kablosuz\u00a0\u0130leti\u015fim<\/strong> <strong>\u00a0Kablosuz<br>\u00a0\u0130leti\u015fim<\/strong><br>\u00a0Sistem<br>Datalogic Star Kablosuz Sistem<br>\u00a0Frekans<br>433,92 Mhz, &lt;10mW<br>\u00a0Tek Cradle a ba\u011flanabilen Cihaz say\u0131s\u0131<br>Max. 16 Cihaz<br><strong>\u00a0\u00c7\u00f6z\u00fcmleme Yetene\u011fi<\/strong><br><br>\u00a01D Linear Kodlar<br>GS1\/Databar Dahil Standart 1D Linear Kodlar<br>\u00a02D Kodlar<br>Aztec Code; China Han Xin Code; Data Matrix; MaxiCode; Micro QR Code; QR Code<br>\u00a0Postal Kodlar<br>Australian Post; British Post; China Post; IMB; Japanese Post; KIX Post; Korea Post; Planet Code; Postnet; Royal Mail Code (RM4SCC)<br>\u00a0Stacked Kodlar<br>EAN\/JAN Composites; GS1 DataBar Composites; GS1 DataBar Expanded Stacked; GS1 DataBar Stacked; GS1 DataBar Stacked Omnidirectional; MacroPDF; MicroPDF417; PDF417; UPC A\/E Composites<br><strong>\u00a0Elektriksel<\/strong><br><br>\u00a0Pil<br>2100 mAH Lityum Ion<br>\u00a0\u015earj s\u00fcresi<br>4 saat @ 12 VDC (Orijinal Datalogic Elektrik Adapt\u00f6r\u00fc ile-Opsiyonel)<br>16 ~ 20 saat @ 5 VDC (USB Kablo ile)<br>\u00a0Kullan\u0131m S\u00fcresi<br>Yakla\u015f\u0131k 60.000 okutma<br>\u00a0Cradle g\u00f6sterge LED leri<br>Pil \u015earj\u0131: K\u0131rm\u0131z\u0131, Pil Dolu: Ye\u015fil, G\u00fc\u00e7: Sar\u0131<br>\u00a0\u00c7al\u0131\u015fma Ak\u0131mlar\u0131<br>\u015earjda: &lt; 8 W, Beklemede: &lt; 2.5 mA @ 5 VDC<br>\u00a0Giri\u015f Voltaj\u0131<br>4.75 &#8211; 14 VDC \u00b15%<br><strong>\u00a0\u00c7evresel<\/strong><br><br>\u00a0I\u015f\u0131k Seviyesi<br>0~100.000 Lux<br>\u00a0\u00c7al\u0131\u015fma S\u0131cakl\u0131\u011f\u0131<br>0\u00b0C ~ 50\u00b0C<br>\u00a0Muhafaza S\u0131cakl\u0131\u011f\u0131<br>-20 \u00b0C ~ 70 \u00b0C<br>\u00a0Nem<br>0 ~ %95 (Yo\u011funla\u015fmas\u0131z)<br>\u00a0D\u00fc\u015fme dayan\u0131kl\u0131l\u0131\u011f\u0131<br>1,8 metre<br>\u00a0IP Standard\u0131<br>IP52<br>\u00a0ESD Korumas\u0131 (Air Discharge)<br>16 kV<br><strong>\u00a0Ara Birim<\/strong><br>\u00a0Ara Birimler<br>RS-232, USB, Keyboard Wedge, Wand (\u00c7oklu Arabirim)<br><strong>\u00a0Fiziksel<\/strong><br><br>\u00a0Ebatlar<br>Cradle: 186 x 99 x 56 mm<br>Okuyucu: 181 x 71 x 100 mm<br>\u00a0A\u011f\u0131rl\u0131k<br>Cradle: 246 gram<br>Okuyucu: 245 Gram<br><strong>\u00a0<br>Okuma Performans\u0131<\/strong><br>\u00a0Image Sens\u00f6r<br>Wide VGA: 752 x 480 piksel<br>\u00a0I\u015f\u0131k kayna\u011f\u0131 (Odaklanma)<br>650 nm G\u00f6r\u00fclebilir Lazer Diyod<br>\u00a0Hareket Tolerans\u0131<br>25 IPS<br>\u00a0Yazd\u0131rma kar\u015f\u0131tl\u0131\u011f\u0131<br>25%<br>\u00a0Tarama a\u00e7\u0131s\u0131<br>Pitch: +\/- 40\u00b0; Roll (Tilt): 360\u00b0; Skew (Yaw): +\/- 40\u00b0<br>\u00a0Okuma G\u00f6stergeleri<br>Ayarlanabilir Ses Tonu, Datalogic \u2018Green Spot\u2019 Good Read Feedback; Good Read LED<br>\u00a0\u00c7\u00f6z\u00fcn\u00fcrl\u00fck<br>1D Linear: 0.102 mm \/ 4 mils<br>Data Matrix: 0.178 mm \/ 7 mils<br>PDF417: 0.102 mm \/ 4 mils<br><strong>\u00a0Okuma Aral\u0131klar\u0131<\/strong><br><br>\u00a0Tarama mesafeleri<br>Code 39: 5 mils: 4.0 ~ 19.0 cm<br>Code 39: 10 mils: 1.0 ~ 30.0 cm\u00a0<br>Data Matrix: 10 mils: 2.0 ~ 16.0 cm\u00a0<br>Data Matrix: 15 mils: 0 ~ 23.6 cm\u00a0<br>EAN -13: 13 mils: 1.5 ~ 40.0 cm<br>PDF417: 10 mils: 0.5 ~ 22.0 cm<br>QR Code: 10 mils: 3.0 ~ 12.5 cm<br><strong>\u00a0G\u00fcvenlik ve D\u00fczenleyiciler<\/strong><br><br>\u00a0Kurum onaylar\u0131 (Sertifikalar)<br>The product meets necessary safety and regulatory approvals for its intended use. The Quick Reference Guide for this product can be referred to for a complete list of certifications.<br>\u00a0\u00c7evreye Uyum<br>\u00c7in ve Avrupa RoHS uyumlu<br>Lazer s\u0131n\u0131fland\u0131rmas\u0131<br>Caution Laser Radiation &#8211; IEC 60825 Class 2 (Lazer \u0131\u015f\u0131\u011f\u0131na do\u011frudan bak\u0131lmamal\u0131)<br><strong>\u00a0Ara\u00e7lar<\/strong><br><br>\u00a0Datalogic Aladdin<br>Okuyucu ile ilgili konfig\u00fcrasyonlar\u0131n yap\u0131lmas\u0131n\u0131 sa\u011flayan program<br>\u00a0OPOS \/ JavaPOS<br>oPOS ve JavaPOS ara\u00e7lar\u0131 \u00fccretsiz olarak indirilebilir<br>\u00a0Remote Host Download<br>D\u00fc\u015f\u00fck maliyet ve geli\u015fmi\u015f i\u015flemler <strong>\u00a0Kablosuz\u00a0\u0130leti\u015fim<\/strong><\/td><\/tr><tr><td>&nbsp;Sistem<\/td><td>Datalogic Star Kablosuz Sistem<\/td><\/tr><tr><td>&nbsp;Frekans<\/td><td>433,92 Mhz, &lt;10mW<\/td><\/tr><tr><td>&nbsp;Tek Cradle a ba\u011flanabilen Cihaz say\u0131s\u0131<\/td><td>Max. 16 Cihaz<\/td><\/tr><tr><td><strong>&nbsp;\u00c7\u00f6z\u00fcmleme Yetene\u011fi<\/strong><\/td><td><\/td><\/tr><tr><td>&nbsp;1D Linear Kodlar<\/td><td>GS1\/Databar Dahil Standart 1D Linear Kodlar<\/td><\/tr><tr><td>&nbsp;2D Kodlar<\/td><td>Aztec Code; China Han Xin Code; Data Matrix; MaxiCode; Micro QR Code; QR Code<\/td><\/tr><tr><td>&nbsp;Postal Kodlar<\/td><td>Australian Post; British Post; China Post; IMB; Japanese Post; KIX Post; Korea Post; Planet Code; Postnet; Royal Mail Code (RM4SCC)<\/td><\/tr><tr><td>&nbsp;Stacked Kodlar<\/td><td>EAN\/JAN Composites; GS1 DataBar Composites; GS1 DataBar Expanded Stacked; GS1 DataBar Stacked; GS1 DataBar Stacked Omnidirectional; MacroPDF; MicroPDF417; PDF417; UPC A\/E Composites<\/td><\/tr><tr><td><strong>&nbsp;Elektriksel<\/strong><\/td><td><\/td><\/tr><tr><td>&nbsp;Pil<\/td><td>2100 mAH Lityum Ion<\/td><\/tr><tr><td>&nbsp;\u015earj s\u00fcresi<\/td><td>4 saat @ 12 VDC (Orijinal Datalogic Elektrik Adapt\u00f6r\u00fc ile-Opsiyonel)<\/td><\/tr><tr><td>16 ~ 20 saat @ 5 VDC (USB Kablo ile)<\/td><\/tr><tr><td>&nbsp;Kullan\u0131m S\u00fcresi<\/td><td>Yakla\u015f\u0131k 60.000 okutma<\/td><\/tr><tr><td>&nbsp;Cradle g\u00f6sterge LED leri<\/td><td>Pil \u015earj\u0131: K\u0131rm\u0131z\u0131, Pil Dolu: Ye\u015fil, G\u00fc\u00e7: Sar\u0131<\/td><\/tr><tr><td>&nbsp;\u00c7al\u0131\u015fma Ak\u0131mlar\u0131<\/td><td>\u015earjda: &lt; 8 W, Beklemede: &lt; 2.5 mA @ 5 VDC<\/td><\/tr><tr><td>&nbsp;Giri\u015f Voltaj\u0131<\/td><td>4.75 &#8211; 14 VDC \u00b15%<\/td><\/tr><tr><td><strong>&nbsp;\u00c7evresel<\/strong><\/td><td><\/td><\/tr><tr><td>&nbsp;I\u015f\u0131k Seviyesi<\/td><td>0~100.000 Lux<\/td><\/tr><tr><td>&nbsp;\u00c7al\u0131\u015fma S\u0131cakl\u0131\u011f\u0131<\/td><td>0\u00b0C ~ 50\u00b0C<\/td><\/tr><tr><td>&nbsp;Muhafaza S\u0131cakl\u0131\u011f\u0131<\/td><td>-20 \u00b0C ~ 70 \u00b0C<\/td><\/tr><tr><td>&nbsp;Nem<\/td><td>0 ~ %95 (Yo\u011funla\u015fmas\u0131z)<\/td><\/tr><tr><td>&nbsp;D\u00fc\u015fme dayan\u0131kl\u0131l\u0131\u011f\u0131<\/td><td>1,8 metre<\/td><\/tr><tr><td>&nbsp;IP Standard\u0131<\/td><td>IP52<\/td><\/tr><tr><td>&nbsp;ESD Korumas\u0131 (Air Discharge)<\/td><td>16 kV<\/td><\/tr><tr><td><strong>&nbsp;Ara Birim<\/strong><\/td><\/tr><tr><td>&nbsp;Ara Birimler<\/td><td>RS-232, USB, Keyboard Wedge, Wand (\u00c7oklu Arabirim)<\/td><\/tr><tr><td><strong>&nbsp;Fiziksel<\/strong><\/td><td><\/td><\/tr><tr><td>&nbsp;Ebatlar<\/td><td>Cradle: 186 x 99 x 56 mm<\/td><\/tr><tr><td>Okuyucu: 181 x 71 x 100 mm<\/td><\/tr><tr><td>&nbsp;A\u011f\u0131rl\u0131k<\/td><td>Cradle: 246 gram<\/td><\/tr><tr><td>Okuyucu: 245 Gram<\/td><\/tr><tr><td><strong>&nbsp;Okuma Performans\u0131<\/strong><\/td><\/tr><tr><td>&nbsp;Image Sens\u00f6r<\/td><td>Wide VGA: 752 x 480 piksel<\/td><\/tr><tr><td>&nbsp;I\u015f\u0131k kayna\u011f\u0131 (Odaklanma)<\/td><td>650 nm G\u00f6r\u00fclebilir Lazer Diyod<\/td><\/tr><tr><td>&nbsp;Hareket Tolerans\u0131<\/td><td>25 IPS<\/td><\/tr><tr><td>&nbsp;Yazd\u0131rma kar\u015f\u0131tl\u0131\u011f\u0131<\/td><td>25%<\/td><\/tr><tr><td>&nbsp;Tarama a\u00e7\u0131s\u0131<\/td><td>Pitch: +\/- 40\u00b0; Roll (Tilt): 360\u00b0; Skew (Yaw): +\/- 40\u00b0<\/td><\/tr><tr><td>&nbsp;Okuma G\u00f6stergeleri<\/td><td>Ayarlanabilir Ses Tonu, Datalogic \u2018Green Spot\u2019 Good Read Feedback; Good Read LED<\/td><\/tr><tr><td>&nbsp;\u00c7\u00f6z\u00fcn\u00fcrl\u00fck<\/td><td>1D Linear: 0.102 mm \/ 4 mils<br>Data Matrix: 0.178 mm \/ 7 mils<br>PDF417: 0.102 mm \/ 4 mils<\/td><\/tr><tr><td><strong>&nbsp;Okuma Aral\u0131klar\u0131<\/strong><\/td><td><\/td><\/tr><tr><td>&nbsp;Tarama mesafeleri<\/td><td>Code 39: 5 mils: 4.0 ~ 19.0 cm<br>Code 39: 10 mils: 1.0 ~ 30.0 cm&nbsp;<br>Data Matrix: 10 mils: 2.0 ~ 16.0 cm&nbsp;<br>Data Matrix: 15 mils: 0 ~ 23.6 cm&nbsp;<br>EAN -13: 13 mils: 1.5 ~ 40.0 cm<br>PDF417: 10 mils: 0.5 ~ 22.0 cm<br>QR Code: 10 mils: 3.0 ~ 12.5 cm<\/td><\/tr><tr><td><strong>&nbsp;G\u00fcvenlik ve D\u00fczenleyiciler<\/strong><\/td><td><\/td><\/tr><tr><td>&nbsp;Kurum onaylar\u0131 (Sertifikalar)<\/td><td>The product meets necessary safety and regulatory approvals for its intended use. The Quick Reference Guide for this product can be referred to for a complete list of certifications.<\/td><\/tr><tr><td>&nbsp;\u00c7evreye Uyum<\/td><td>\u00c7in ve Avrupa RoHS uyumlu<\/td><\/tr><tr><td>Lazer s\u0131n\u0131fland\u0131rmas\u0131<\/td><td>Caution Laser Radiation &#8211; IEC 60825 Class 2 (Lazer \u0131\u015f\u0131\u011f\u0131na do\u011frudan bak\u0131lmamal\u0131)<\/td><\/tr><tr><td><strong>&nbsp;Ara\u00e7lar<\/strong><\/td><td><\/td><\/tr><tr><td>&nbsp;Datalogic Aladdin<\/td><td>Okuyucu ile ilgili konfig\u00fcrasyonlar\u0131n yap\u0131lmas\u0131n\u0131 sa\u011flayan program<\/td><\/tr><tr><td>&nbsp;OPOS \/ JavaPOS<\/td><td>oPOS ve JavaPOS ara\u00e7lar\u0131 \u00fccretsiz olarak indirilebilir<\/td><\/tr><tr><td>&nbsp;Remote Host Download<\/td><td>D\u00fc\u015f\u00fck maliyet ve geli\u015fmi\u015f i\u015flemler<\/td><\/tr><\/tbody><\/table>\n","protected":false},"excerpt":{"rendered":"<p>\u25cf 1D, 2D (Karekod), Postal ve Stacked kodlar\u0131 okuyabilme\u25cf Wide VGA (752 x 480 Piksel) Tarama\u25cf\u00a0Barkod okumay\u0131 kolayla\u015ft\u0131rmak i\u00e7in 4 noktal\u0131 odaklama \u0131\u015f\u0131\u011f\u0131\u25cf\u00a0Barkod okumay\u0131 do\u011frulamak i\u00e7in\u00a0&#8220;Green Spot&#8221;\u00a0\u0131\u015f\u0131\u011f\u0131\u25cf\u00a0Datalogic Star Sistem ile Kablosuz veri aktarma (Max. 30 metre)\u25cf\u00a0Kapsama alan\u0131 d\u0131\u015f\u0131nda haf\u0131zaya alabilme \u00f6zelli\u011fi\u25cf\u00a0\u00c7oklu arabirim se\u00e7enekleri\u25cf IP52 Standartlar\u0131nda\u25cf 1,8 metreden d\u00fc\u015fmeye dayan\u0131kl\u0131\u25cf Tek Cradle \u00fcnitesine 16 cihaz ba\u011flayabilme [&hellip;]<\/p>\n","protected":false},"author":1,"featured_media":0,"parent":756,"menu_order":0,"comment_status":"closed","ping_status":"closed","template":"","meta":[],"yoast_head":"<!-- This site is optimized with the Yoast SEO plugin v15.7 - https:\/\/yoast.com\/wordpress\/plugins\/seo\/ -->\n<title>Datalogic Gryphon GM4400 Kablosuz Karekod Okuyucu - Crea Barkod<\/title>\n<meta name=\"robots\" content=\"index, follow, max-snippet:-1, max-image-preview:large, max-video-preview:-1\" \/>\n<link rel=\"canonical\" href=\"http:\/\/www.creabarkod.com\/?page_id=1140\" \/>\n<meta property=\"og:locale\" content=\"tr_TR\" \/>\n<meta property=\"og:type\" content=\"article\" \/>\n<meta property=\"og:title\" content=\"Datalogic Gryphon GM4400 Kablosuz Karekod Okuyucu - Crea Barkod\" \/>\n<meta property=\"og:description\" content=\"\u25cf 1D, 2D (Karekod), Postal ve Stacked kodlar\u0131 okuyabilme\u25cf Wide VGA (752 x 480 Piksel) Tarama\u25cf\u00a0Barkod okumay\u0131 kolayla\u015ft\u0131rmak i\u00e7in 4 noktal\u0131 odaklama \u0131\u015f\u0131\u011f\u0131\u25cf\u00a0Barkod okumay\u0131 do\u011frulamak i\u00e7in\u00a0&#8220;Green Spot&#8221;\u00a0\u0131\u015f\u0131\u011f\u0131\u25cf\u00a0Datalogic Star Sistem ile Kablosuz veri aktarma (Max. 30 metre)\u25cf\u00a0Kapsama alan\u0131 d\u0131\u015f\u0131nda haf\u0131zaya alabilme \u00f6zelli\u011fi\u25cf\u00a0\u00c7oklu arabirim se\u00e7enekleri\u25cf IP52 Standartlar\u0131nda\u25cf 1,8 metreden d\u00fc\u015fmeye dayan\u0131kl\u0131\u25cf Tek Cradle \u00fcnitesine 16 cihaz ba\u011flayabilme [&hellip;]\" \/>\n<meta property=\"og:url\" content=\"http:\/\/www.creabarkod.com\/?page_id=1140\" \/>\n<meta property=\"og:site_name\" content=\"Crea Barkod\" \/>\n<meta property=\"article:modified_time\" content=\"2019-06-21T13:12:18+00:00\" \/>\n<meta property=\"og:image\" content=\"http:\/\/www.creabarkod.com\/wp-content\/uploads\/2019\/06\/Datalogic-Gryphon-GM4400-Kablosuz-Karekod-Okuyucu-1.jpg\" \/>\n<meta name=\"twitter:card\" content=\"summary_large_image\" \/>\n<meta name=\"twitter:label1\" content=\"Tahmini okuma s\u00fcresi\">\n\t<meta name=\"twitter:data1\" content=\"5 dakika\">\n<script type=\"application\/ld+json\" class=\"yoast-schema-graph\">{\"@context\":\"https:\/\/schema.org\",\"@graph\":[{\"@type\":\"WebSite\",\"@id\":\"http:\/\/www.creabarkod.com\/#website\",\"url\":\"http:\/\/www.creabarkod.com\/\",\"name\":\"Crea Barkod\",\"description\":\"\",\"potentialAction\":[{\"@type\":\"SearchAction\",\"target\":\"http:\/\/www.creabarkod.com\/?s={search_term_string}\",\"query-input\":\"required name=search_term_string\"}],\"inLanguage\":\"tr\"},{\"@type\":\"ImageObject\",\"@id\":\"http:\/\/www.creabarkod.com\/?page_id=1140#primaryimage\",\"inLanguage\":\"tr\",\"url\":\"http:\/\/www.creabarkod.com\/wp-content\/uploads\/2019\/06\/Datalogic-Gryphon-GM4400-Kablosuz-Karekod-Okuyucu-1.jpg\",\"width\":500,\"height\":500,\"caption\":\"Datalogic Gryphon GM4400 Kablosuz Karekod Okuyucu\"},{\"@type\":\"WebPage\",\"@id\":\"http:\/\/www.creabarkod.com\/?page_id=1140#webpage\",\"url\":\"http:\/\/www.creabarkod.com\/?page_id=1140\",\"name\":\"Datalogic Gryphon GM4400 Kablosuz Karekod Okuyucu - Crea Barkod\",\"isPartOf\":{\"@id\":\"http:\/\/www.creabarkod.com\/#website\"},\"primaryImageOfPage\":{\"@id\":\"http:\/\/www.creabarkod.com\/?page_id=1140#primaryimage\"},\"datePublished\":\"2019-06-21T12:09:24+00:00\",\"dateModified\":\"2019-06-21T13:12:18+00:00\",\"inLanguage\":\"tr\",\"potentialAction\":[{\"@type\":\"ReadAction\",\"target\":[\"http:\/\/www.creabarkod.com\/?page_id=1140\"]}]}]}<\/script>\n<!-- \/ Yoast SEO plugin. -->","_links":{"self":[{"href":"http:\/\/www.creabarkod.com\/index.php?rest_route=\/wp\/v2\/pages\/1140"}],"collection":[{"href":"http:\/\/www.creabarkod.com\/index.php?rest_route=\/wp\/v2\/pages"}],"about":[{"href":"http:\/\/www.creabarkod.com\/index.php?rest_route=\/wp\/v2\/types\/page"}],"author":[{"embeddable":true,"href":"http:\/\/www.creabarkod.com\/index.php?rest_route=\/wp\/v2\/users\/1"}],"replies":[{"embeddable":true,"href":"http:\/\/www.creabarkod.com\/index.php?rest_route=%2Fwp%2Fv2%2Fcomments&post=1140"}],"version-history":[{"count":1,"href":"http:\/\/www.creabarkod.com\/index.php?rest_route=\/wp\/v2\/pages\/1140\/revisions"}],"predecessor-version":[{"id":1142,"href":"http:\/\/www.creabarkod.com\/index.php?rest_route=\/wp\/v2\/pages\/1140\/revisions\/1142"}],"up":[{"embeddable":true,"href":"http:\/\/www.creabarkod.com\/index.php?rest_route=\/wp\/v2\/pages\/756"}],"wp:attachment":[{"href":"http:\/\/www.creabarkod.com\/index.php?rest_route=%2Fwp%2Fv2%2Fmedia&parent=1140"}],"curies":[{"name":"wp","href":"https:\/\/api.w.org\/{rel}","templated":true}]}}