{"id":1011,"date":"2019-06-20T13:59:23","date_gmt":"2019-06-20T13:59:23","guid":{"rendered":"http:\/\/www.creabarkod.com\/?page_id=1011"},"modified":"2019-06-20T15:27:22","modified_gmt":"2019-06-20T15:27:22","slug":"sunlux-xl-9309-kablosuz-barkod-okuyucu","status":"publish","type":"page","link":"http:\/\/www.creabarkod.com\/?page_id=1011","title":{"rendered":"Sunlux XL-9309 Kablosuz Barkod Okuyucu"},"content":{"rendered":"\n<figure class=\"wp-block-image is-resized\"><a href=\"http:\/\/www.creabarkod.com\/wp-content\/uploads\/2019\/06\/Sunlux-XL-9309-Kablosuz-Barkod-Okuyucu-1.jpg\"><img loading=\"lazy\" src=\"http:\/\/www.creabarkod.com\/wp-content\/uploads\/2019\/06\/Sunlux-XL-9309-Kablosuz-Barkod-Okuyucu-1.jpg\" alt=\"Sunlux XL-9309 Kablosuz Barkod Okuyucu\" class=\"wp-image-1012\" width=\"222\" height=\"177\" srcset=\"http:\/\/www.creabarkod.com\/wp-content\/uploads\/2019\/06\/Sunlux-XL-9309-Kablosuz-Barkod-Okuyucu-1.jpg 889w, http:\/\/www.creabarkod.com\/wp-content\/uploads\/2019\/06\/Sunlux-XL-9309-Kablosuz-Barkod-Okuyucu-1-300x239.jpg 300w, http:\/\/www.creabarkod.com\/wp-content\/uploads\/2019\/06\/Sunlux-XL-9309-Kablosuz-Barkod-Okuyucu-1-768x612.jpg 768w\" sizes=\"(max-width: 222px) 100vw, 222px\" \/><\/a><\/figure>\n\n\n\n<p>\u25cf 1D Lazer Barkod Okuyucu<br>\u25cf Wifi (433 Mhz) ileti\u015fim<br>\u25cf Max. 300 metre aktarma mesafesi<br>\u25cf 0,076 mm (3 mil) \u00e7\u00f6z\u00fcn\u00fcrl\u00fck<br>\u25cf 0 ~ 280 mm okuma mesafesi<br>\u25cf 1,5 metreden d\u00fc\u015fmeye dayan\u0131kl\u0131 <\/p>\n\n\n\n<table class=\"wp-block-table\"><tbody><tr><td><strong>&nbsp;\u0130\u015flemsel<\/strong><\/td><\/tr><tr><td>&nbsp;I\u015f\u0131k Kayna\u011f\u0131<\/td><td>650 nm g\u00f6r\u00fclebilir lazer diyod (VLD)<\/td><\/tr><tr><td>&nbsp;Desteklenen Barkod Tipleri<\/td><td>1D (Linear)<\/td><\/tr><tr><td>&nbsp;Minimum Bar Geni\u015fli\u011fi<\/td><td>0.076 mm (3 mil)<\/td><\/tr><tr><td>&nbsp;Tarama H\u0131z\u0131<\/td><td>300 tarama\/sn<\/td><\/tr><tr><td>&nbsp;Tarama uzakl\u0131\u011f\u0131&nbsp;(PCS=%90)<\/td><td>0 mm ~ 280 mm<\/td><\/tr><tr><td>&nbsp;Tarama geni\u015fli\u011fi<\/td><td>30 mm ~ 220 mm<\/td><\/tr><tr><td>&nbsp;Yazd\u0131rma kar\u015f\u0131tl\u0131\u011f\u0131<\/td><td>%30 (UPC\/EAN %100)<\/td><\/tr><tr><td>&nbsp;G\u00f6stergeler<\/td><td>Ses ve LED<\/td><\/tr><tr><td>&nbsp;Tilt &amp; Elevation &amp; Deflection<\/td><td>30\u00b0 &amp; 65\u00b0 &amp; 55\u00b0<\/td><\/tr><tr><td><strong>&nbsp;Haberle\u015fme<\/strong><\/td><td>&nbsp;<\/td><\/tr><tr><td>&nbsp;Radyo Frekans\u0131<\/td><td>433 Mhz ISM Frekans\u0131<\/td><\/tr><tr><td>&nbsp;Mesafe<\/td><td>300 metre (Max. A\u00e7\u0131k Alanda)<\/td><\/tr><tr><td><strong>&nbsp;Barkod Tipleri<\/strong><\/td><td>&nbsp;<\/td><\/tr><tr><td>&nbsp;Desteklenen Barkod Tipleri<\/td><td>EAN-8,EAN-13,UPC-A,UPC-E,Code11,Code 32,Code39 Standard,Code39 Full Ascii,Code 93,Code128,EAN128, UPC-A, UPC-E,EAN\/UPC +2\/+5,Codabar, Industrial 25,Industrial 2of 5,Interleave 25, Interleave 2of5, Matrix 25, Matrix 2 of 5,MSI\/Plessey, UK\/Plessey,ISBN,ISSN,GS1-rss14,GS1-Limited,GS1-Expended,GS1 STACKChina post 25 vb.<\/td><\/tr><tr><td><strong>&nbsp;Elektriksel<\/strong><\/td><td>&nbsp;<\/td><\/tr><tr><td>&nbsp;Pil Kapasitesi<\/td><td>2200 mAh<\/td><\/tr><tr><td>&nbsp;\u00c7al\u0131\u015fma Voltaj\u0131<\/td><td>DC 5V<\/td><\/tr><tr><td>&nbsp;T\u00fcketim De\u011ferleri<\/td><td>\u00c7al\u0131\u015fma Modunda: 110 mA<\/td><\/tr><tr><td>Bekleme Modunda: 35 mA<\/td><\/tr><tr><td>&nbsp;Pil \u00d6mr\u00fc<\/td><td>Max. 100.000 Tarama<\/td><\/tr><tr><td>&nbsp;Lazer&nbsp;s\u0131n\u0131fland\u0131rmas\u0131<\/td><td>Ulusal Lazer G\u00fcvenli\u011fine uygun<\/td><\/tr><tr><td>&nbsp;Y\u00f6netmelik Onaylar\u0131<\/td><td>CE, FCC DOC Uyumlu<\/td><\/tr><tr><td><strong>&nbsp;Fiziksel<\/strong><\/td><td>&nbsp;<\/td><\/tr><tr><td>&nbsp;Uzunluk<\/td><td>170 mm<\/td><\/tr><tr><td>&nbsp;Geni\u015flik<\/td><td>71 mm<\/td><\/tr><tr><td>&nbsp;Y\u00fckseklik<\/td><td>98 mm<\/td><\/tr><tr><td>&nbsp;A\u011f\u0131rl\u0131k<\/td><td>180 gram<\/td><\/tr><tr><td>&nbsp;Kasa Malzemesi<\/td><td>ABS Plastik<\/td><\/tr><tr><td><strong>&nbsp;\u00c7evresel<\/strong><\/td><td>&nbsp;<\/td><\/tr><tr><td>&nbsp;IP Standart\u0131<\/td><td>IP54<\/td><\/tr><tr><td>&nbsp;Darbe dayan\u0131kl\u0131l\u0131\u011f\u0131<\/td><td>1,5 metre<\/td><\/tr><tr><td>&nbsp;Nem<\/td><td>%5 ~ %95 (Yo\u011fu\u015fmas\u0131z)<\/td><\/tr><\/tbody><\/table>\n","protected":false},"excerpt":{"rendered":"<p>\u25cf 1D Lazer Barkod Okuyucu\u25cf Wifi (433 Mhz) ileti\u015fim\u25cf Max. 300 metre aktarma mesafesi\u25cf 0,076 mm (3 mil) \u00e7\u00f6z\u00fcn\u00fcrl\u00fck\u25cf 0 ~ 280 mm okuma mesafesi\u25cf 1,5 metreden d\u00fc\u015fmeye dayan\u0131kl\u0131 &nbsp;\u0130\u015flemsel &nbsp;I\u015f\u0131k Kayna\u011f\u0131 650 nm g\u00f6r\u00fclebilir lazer diyod (VLD) &nbsp;Desteklenen Barkod Tipleri 1D (Linear) &nbsp;Minimum Bar Geni\u015fli\u011fi 0.076 mm (3 mil) &nbsp;Tarama H\u0131z\u0131 300 tarama\/sn &nbsp;Tarama [&hellip;]<\/p>\n","protected":false},"author":1,"featured_media":0,"parent":754,"menu_order":0,"comment_status":"closed","ping_status":"closed","template":"","meta":[],"yoast_head":"<!-- This site is optimized with the Yoast SEO plugin v15.7 - https:\/\/yoast.com\/wordpress\/plugins\/seo\/ -->\n<title>Sunlux XL-9309 Kablosuz Barkod Okuyucu - Crea Barkod<\/title>\n<meta name=\"robots\" content=\"index, follow, max-snippet:-1, max-image-preview:large, max-video-preview:-1\" \/>\n<link rel=\"canonical\" href=\"http:\/\/www.creabarkod.com\/?page_id=1011\" \/>\n<meta property=\"og:locale\" content=\"tr_TR\" \/>\n<meta property=\"og:type\" content=\"article\" \/>\n<meta property=\"og:title\" content=\"Sunlux XL-9309 Kablosuz Barkod Okuyucu - Crea Barkod\" \/>\n<meta property=\"og:description\" content=\"\u25cf 1D Lazer Barkod Okuyucu\u25cf Wifi (433 Mhz) ileti\u015fim\u25cf Max. 300 metre aktarma mesafesi\u25cf 0,076 mm (3 mil) \u00e7\u00f6z\u00fcn\u00fcrl\u00fck\u25cf 0 ~ 280 mm okuma mesafesi\u25cf 1,5 metreden d\u00fc\u015fmeye dayan\u0131kl\u0131 &nbsp;\u0130\u015flemsel &nbsp;I\u015f\u0131k Kayna\u011f\u0131 650 nm g\u00f6r\u00fclebilir lazer diyod (VLD) &nbsp;Desteklenen Barkod Tipleri 1D (Linear) &nbsp;Minimum Bar Geni\u015fli\u011fi 0.076 mm (3 mil) &nbsp;Tarama H\u0131z\u0131 300 tarama\/sn &nbsp;Tarama [&hellip;]\" \/>\n<meta property=\"og:url\" content=\"http:\/\/www.creabarkod.com\/?page_id=1011\" \/>\n<meta property=\"og:site_name\" content=\"Crea Barkod\" \/>\n<meta property=\"article:modified_time\" content=\"2019-06-20T15:27:22+00:00\" \/>\n<meta property=\"og:image\" content=\"http:\/\/www.creabarkod.com\/wp-content\/uploads\/2019\/06\/Sunlux-XL-9309-Kablosuz-Barkod-Okuyucu-1.jpg\" \/>\n<meta name=\"twitter:card\" content=\"summary_large_image\" \/>\n<meta name=\"twitter:label1\" content=\"Tahmini okuma s\u00fcresi\">\n\t<meta name=\"twitter:data1\" content=\"1 dakika\">\n<script type=\"application\/ld+json\" class=\"yoast-schema-graph\">{\"@context\":\"https:\/\/schema.org\",\"@graph\":[{\"@type\":\"WebSite\",\"@id\":\"http:\/\/www.creabarkod.com\/#website\",\"url\":\"http:\/\/www.creabarkod.com\/\",\"name\":\"Crea Barkod\",\"description\":\"\",\"potentialAction\":[{\"@type\":\"SearchAction\",\"target\":\"http:\/\/www.creabarkod.com\/?s={search_term_string}\",\"query-input\":\"required name=search_term_string\"}],\"inLanguage\":\"tr\"},{\"@type\":\"ImageObject\",\"@id\":\"http:\/\/www.creabarkod.com\/?page_id=1011#primaryimage\",\"inLanguage\":\"tr\",\"url\":\"http:\/\/www.creabarkod.com\/wp-content\/uploads\/2019\/06\/Sunlux-XL-9309-Kablosuz-Barkod-Okuyucu-1.jpg\",\"width\":889,\"height\":709,\"caption\":\"Sunlux XL-9309 Kablosuz Barkod Okuyucu\"},{\"@type\":\"WebPage\",\"@id\":\"http:\/\/www.creabarkod.com\/?page_id=1011#webpage\",\"url\":\"http:\/\/www.creabarkod.com\/?page_id=1011\",\"name\":\"Sunlux XL-9309 Kablosuz Barkod Okuyucu - Crea Barkod\",\"isPartOf\":{\"@id\":\"http:\/\/www.creabarkod.com\/#website\"},\"primaryImageOfPage\":{\"@id\":\"http:\/\/www.creabarkod.com\/?page_id=1011#primaryimage\"},\"datePublished\":\"2019-06-20T13:59:23+00:00\",\"dateModified\":\"2019-06-20T15:27:22+00:00\",\"inLanguage\":\"tr\",\"potentialAction\":[{\"@type\":\"ReadAction\",\"target\":[\"http:\/\/www.creabarkod.com\/?page_id=1011\"]}]}]}<\/script>\n<!-- \/ Yoast SEO plugin. -->","_links":{"self":[{"href":"http:\/\/www.creabarkod.com\/index.php?rest_route=\/wp\/v2\/pages\/1011"}],"collection":[{"href":"http:\/\/www.creabarkod.com\/index.php?rest_route=\/wp\/v2\/pages"}],"about":[{"href":"http:\/\/www.creabarkod.com\/index.php?rest_route=\/wp\/v2\/types\/page"}],"author":[{"embeddable":true,"href":"http:\/\/www.creabarkod.com\/index.php?rest_route=\/wp\/v2\/users\/1"}],"replies":[{"embeddable":true,"href":"http:\/\/www.creabarkod.com\/index.php?rest_route=%2Fwp%2Fv2%2Fcomments&post=1011"}],"version-history":[{"count":1,"href":"http:\/\/www.creabarkod.com\/index.php?rest_route=\/wp\/v2\/pages\/1011\/revisions"}],"predecessor-version":[{"id":1013,"href":"http:\/\/www.creabarkod.com\/index.php?rest_route=\/wp\/v2\/pages\/1011\/revisions\/1013"}],"up":[{"embeddable":true,"href":"http:\/\/www.creabarkod.com\/index.php?rest_route=\/wp\/v2\/pages\/754"}],"wp:attachment":[{"href":"http:\/\/www.creabarkod.com\/index.php?rest_route=%2Fwp%2Fv2%2Fmedia&parent=1011"}],"curies":[{"name":"wp","href":"https:\/\/api.w.org\/{rel}","templated":true}]}}